{"id":499,"date":"2013-12-18T03:18:28","date_gmt":"2013-12-18T03:18:28","guid":{"rendered":"https:\/\/divcsh.izt.uam.mx\/cefilibe\/index.php\/documentos-2\/"},"modified":"2022-10-21T22:40:05","modified_gmt":"2022-10-21T22:40:05","slug":"documentos","status":"publish","type":"page","link":"https:\/\/divcsh.izt.uam.mx\/cefilibe\/index.php\/documentos\/","title":{"rendered":"Documentos."},"content":{"rendered":"<style type=\"text\/css\"><\/style>\n<section class=\"kc-elm kc-css-141777 kc_row\">\n<div class=\"kc-row-container  kc-container\">\n<div class=\"kc-wrap-columns\">\n<div class=\"kc-elm kc-css-66794 kc_col-sm-12 kc_column kc_col-sm-12\">\n<div class=\"kc-col-container\">\n<div class=\"kc-elm kc-css-780152 kc_text_block\">\n<p>En esta secci\u00f3n se puede consultar una selecci\u00f3n de escritos que han sido fundamentales para la filosof\u00eda mexicana:<\/p>\n<\/p>\n<p><a href=\"https:\/\/divcsh.izt.uam.mx\/cefilibe\/wp-content\/uploads\/2013\/12\/Apuntesobrelaformanaturaldelavidahumana-Echeverria_Bolivar.pdf\" target=\"_blank\" rel=\"noopener\">Apunte sobre la \u00abForma Natural\u00bb de la vida humana.<\/a> (Texto in\u00e9dito) Bol\u00edvar Echeverr\u00eda<\/p>\n<p><a href=\"https:\/\/divcsh.izt.uam.mx\/cefilibe\/wp-content\/uploads\/2013\/12\/DeclaraciondeMorelia-Dussel_Enrique_etal.pdf\" target=\"_blank\" rel=\"noopener\">Declaraci\u00f3n de Morelia: Filosof\u00eda e Independencia.<\/a> Arturo Andr\u00e9s Roig, Leopoldo Zea, Abelardo Villegas, Enrique Dussel y Francisco Mir\u00f3 Quesada.<\/p>\n<p><a href=\"https:\/\/divcsh.izt.uam.mx\/cefilibe\/wp-content\/uploads\/2013\/12\/ElkrausismoenEspana-Roces_Wenceslao.pdf\" target=\"_blank\" rel=\"noopener\">El Krausismo en Espa\u00f1a<\/a>. Wenceslao Roces.<\/p>\n<p><a href=\"https:\/\/divcsh.izt.uam.mx\/cefilibe\/wp-content\/uploads\/2013\/12\/El_sentido_actual_de_la_filosofia_en_Mex.pdf\" target=\"_blank\" rel=\"noopener\">El sentido actual de la filosof\u00eda en M\u00e9xico<\/a>. Leopoldo Zea, Luis Villoro, Alejandro Rossi, Jos\u00e9 Luis Balc\u00e1rcel y Abelardo Villegas.<\/p>\n<p><a href=\"https:\/\/divcsh.izt.uam.mx\/cefilibe\/wp-content\/uploads\/2013\/12\/Filosofiadelacienciaybiologia-PerezTamayo_Ruy.pdf\" target=\"_blank\" rel=\"noopener\">Filosof\u00eda de la ciencia y biolog\u00eda<\/a>. Ruy P\u00e9rez Tamayo.<\/p>\n<p><a href=\"https:\/\/divcsh.izt.uam.mx\/cefilibe\/wp-content\/uploads\/2013\/12\/Inauguracion_UN.pdf\" target=\"_blank\" rel=\"noopener\">Inauguraci\u00f3n de la Universidad Nacional<\/a>. Justo Sierra.<\/p>\n<p><a href=\"https:\/\/divcsh.izt.uam.mx\/cefilibe\/wp-content\/uploads\/2013\/12\/Los_tres_grados_de_la_belleza_sensible-Vasconcelos_Jose.pdf\" target=\"_blank\" rel=\"noopener\">Los tres grados de la belleza sensible<\/a>. Jos\u00e9 Vasconcelos.<\/p>\n<p><a href=\"https:\/\/divcsh.izt.uam.mx\/cefilibe\/wp-content\/uploads\/2013\/12\/Nueva_ley_de_los_tres_estados-Vasconcelos_Jose.pdf\" target=\"_blank\" rel=\"noopener\">Nueva ley de los tres estados<\/a>. Jos\u00e9 Vasconcelos.<\/p>\n<p><a href=\"https:\/\/divcsh.izt.uam.mx\/cefilibe\/wp-content\/uploads\/2013\/12\/Oracioncivica-Barreda_Gabino.pdf\" target=\"_blank\" rel=\"noopener\">Oraci\u00f3n C\u00edvica<\/a>. Gabino Barreda.<\/p>\n<p><a href=\"https:\/\/divcsh.izt.uam.mx\/cefilibe\/wp-content\/uploads\/2013\/12\/Segunda_declaracion.pdf\" target=\"_blank\" rel=\"noopener\">Segunda Declaraci\u00f3n: Filosof\u00eda e Independencia en Am\u00e9rica Latina y el Caribe.<\/a><\/p>\n<\/div>\n<\/div>\n<\/div>\n<\/div>\n<\/div>\n<\/section>\n","protected":false},"excerpt":{"rendered":"<p>En esta secci\u00f3n se puede consultar una selecci\u00f3n de escritos que han sido fundamentales para la filosof\u00eda mexicana: Apunte sobre la \u00abForma Natural\u00bb de la vida humana. (Texto in\u00e9dito) Bol\u00edvar Echeverr\u00eda Declaraci\u00f3n de Morelia: Filosof\u00eda e Independencia. Arturo Andr\u00e9s Roig, Leopoldo Zea, Abelardo Villegas, Enrique Dussel y Francisco Mir\u00f3 Quesada. El Krausismo en Espa\u00f1a. Wenceslao [&hellip;]<\/p>\n","protected":false},"author":1,"featured_media":0,"parent":0,"menu_order":5,"comment_status":"closed","ping_status":"closed","template":"","meta":{"footnotes":""},"class_list":["post-499","page","type-page","status-publish","hentry"],"blocksy_meta":[],"_links":{"self":[{"href":"https:\/\/divcsh.izt.uam.mx\/cefilibe\/index.php\/wp-json\/wp\/v2\/pages\/499","targetHints":{"allow":["GET"]}}],"collection":[{"href":"https:\/\/divcsh.izt.uam.mx\/cefilibe\/index.php\/wp-json\/wp\/v2\/pages"}],"about":[{"href":"https:\/\/divcsh.izt.uam.mx\/cefilibe\/index.php\/wp-json\/wp\/v2\/types\/page"}],"author":[{"embeddable":true,"href":"https:\/\/divcsh.izt.uam.mx\/cefilibe\/index.php\/wp-json\/wp\/v2\/users\/1"}],"replies":[{"embeddable":true,"href":"https:\/\/divcsh.izt.uam.mx\/cefilibe\/index.php\/wp-json\/wp\/v2\/comments?post=499"}],"version-history":[{"count":2,"href":"https:\/\/divcsh.izt.uam.mx\/cefilibe\/index.php\/wp-json\/wp\/v2\/pages\/499\/revisions"}],"predecessor-version":[{"id":1837,"href":"https:\/\/divcsh.izt.uam.mx\/cefilibe\/index.php\/wp-json\/wp\/v2\/pages\/499\/revisions\/1837"}],"wp:attachment":[{"href":"https:\/\/divcsh.izt.uam.mx\/cefilibe\/index.php\/wp-json\/wp\/v2\/media?parent=499"}],"curies":[{"name":"wp","href":"https:\/\/api.w.org\/{rel}","templated":true}]}}