{"id":1707,"date":"2024-02-06T09:55:00","date_gmt":"2024-02-06T09:55:00","guid":{"rendered":"https:\/\/divcsh.izt.uam.mx\/consejo_editorial\/?page_id=1707"},"modified":"2025-03-28T23:07:57","modified_gmt":"2025-03-28T23:07:57","slug":"comite-editorial","status":"publish","type":"page","link":"https:\/\/divcsh.izt.uam.mx\/consejo_editorial\/index.php\/comite-editorial\/","title":{"rendered":"Comit\u00e9 editorial"},"content":{"rendered":"\t\t<div data-elementor-type=\"wp-page\" data-elementor-id=\"1707\" class=\"elementor elementor-1707\">\n\t\t\t\t<div class=\"elementor-element elementor-element-ed452b8 e-con-full e-flex e-con e-parent\" data-id=\"ed452b8\" data-element_type=\"container\" data-e-type=\"container\">\n\t\t\t\t<div class=\"elementor-element elementor-element-b0968df elementor-widget elementor-widget-heading\" data-id=\"b0968df\" data-element_type=\"widget\" data-e-type=\"widget\" data-widget_type=\"heading.default\">\n\t\t\t\t<div class=\"elementor-widget-container\">\n\t\t\t\t\t<h2 class=\"elementor-heading-title elementor-size-default\">Comit\u00e9 Editorial de la Revista Iztapalapa<\/h2>\t\t\t\t<\/div>\n\t\t\t\t<\/div>\n\t\t\t\t<\/div>\n\t\t<div class=\"elementor-element elementor-element-3f12355 e-flex e-con-boxed e-con e-parent\" data-id=\"3f12355\" data-element_type=\"container\" data-e-type=\"container\">\n\t\t\t\t\t<div class=\"e-con-inner\">\n\t\t\t\t<div class=\"elementor-element elementor-element-73ad974 elementor-widget elementor-widget-text-editor\" data-id=\"73ad974\" data-element_type=\"widget\" data-e-type=\"widget\" data-widget_type=\"text-editor.default\">\n\t\t\t\t<div class=\"elementor-widget-container\">\n\t\t\t\t\t\t\t\t\t<p><strong>INTERNO<\/strong><\/p><p><strong>DEPARTAMENTO DE ANTROPOLOG\u00cdA<\/strong><\/p><p>Dr. H\u00e9ctor Tejera Gaona<\/p><p><strong>DEPARTAMENTO DE ECONOM\u00cdA<\/strong><\/p><p>Dr. Guillermo J. R. Gardu\u00f1o Valero<\/p><p><strong>DEPARTAMENTO DE FILOSOF\u00cdA<\/strong><\/p><p>Dra. Mar\u00eda P\u00eda Lara Zavala\u00a0<\/p><p><strong>DEPARTAMENTO DE SOCIOLOG\u00cdA<\/strong><\/p><p>Dr. Mart\u00edn M. Checa Artasu<\/p><p><strong>EXTERNO<\/strong><\/p><p><strong>DEPARTAMENTO DE ANTROPOLOG\u00cdA<\/strong><\/p><p>Dr. Emanuel Rodr\u00edguez Dom\u00ednguez<\/p><p><strong>DEPARTAMENTO DE ECONOM\u00cdA<\/strong><\/p><p>Dr. Hugo Javier Buenrostro Aguilar<\/p><p><strong>DEPARTAMENTO DE FILOSOF\u00cdA<\/strong><\/p><p>Dra. Mariana Ter\u00e1n Fuentes<\/p><p><strong>DEPARTAMENTO DE SOCIOLOG\u00cdA<\/strong><\/p><p>Dr. Jos\u00e9 A. V\u00e1zquez Medina\u00a0<\/p><p>\u00a0<\/p><p>\u00a0<\/p>\t\t\t\t\t\t\t\t<\/div>\n\t\t\t\t<\/div>\n\t\t\t\t\t<\/div>\n\t\t\t\t<\/div>\n\t\t\t\t<\/div>\n\t\t","protected":false},"excerpt":{"rendered":"<p>Comit\u00e9 Editorial de la Revista Iztapalapa INTERNO DEPARTAMENTO DE ANTROPOLOG\u00cdA Dr. H\u00e9ctor Tejera Gaona DEPARTAMENTO DE ECONOM\u00cdA Dr. Guillermo J. R. Gardu\u00f1o Valero DEPARTAMENTO DE FILOSOF\u00cdA Dra. Mar\u00eda P\u00eda Lara Zavala\u00a0 DEPARTAMENTO DE SOCIOLOG\u00cdA Dr. Mart\u00edn M. Checa Artasu EXTERNO DEPARTAMENTO DE ANTROPOLOG\u00cdA Dr. Emanuel Rodr\u00edguez Dom\u00ednguez DEPARTAMENTO DE ECONOM\u00cdA Dr. Hugo Javier Buenrostro Aguilar [&hellip;]<\/p>\n","protected":false},"author":14,"featured_media":0,"parent":0,"menu_order":0,"comment_status":"closed","ping_status":"closed","template":"","meta":{"footnotes":""},"class_list":["post-1707","page","type-page","status-publish","hentry"],"blocksy_meta":[],"_links":{"self":[{"href":"https:\/\/divcsh.izt.uam.mx\/consejo_editorial\/index.php\/wp-json\/wp\/v2\/pages\/1707","targetHints":{"allow":["GET"]}}],"collection":[{"href":"https:\/\/divcsh.izt.uam.mx\/consejo_editorial\/index.php\/wp-json\/wp\/v2\/pages"}],"about":[{"href":"https:\/\/divcsh.izt.uam.mx\/consejo_editorial\/index.php\/wp-json\/wp\/v2\/types\/page"}],"author":[{"embeddable":true,"href":"https:\/\/divcsh.izt.uam.mx\/consejo_editorial\/index.php\/wp-json\/wp\/v2\/users\/14"}],"replies":[{"embeddable":true,"href":"https:\/\/divcsh.izt.uam.mx\/consejo_editorial\/index.php\/wp-json\/wp\/v2\/comments?post=1707"}],"version-history":[{"count":28,"href":"https:\/\/divcsh.izt.uam.mx\/consejo_editorial\/index.php\/wp-json\/wp\/v2\/pages\/1707\/revisions"}],"predecessor-version":[{"id":2105,"href":"https:\/\/divcsh.izt.uam.mx\/consejo_editorial\/index.php\/wp-json\/wp\/v2\/pages\/1707\/revisions\/2105"}],"wp:attachment":[{"href":"https:\/\/divcsh.izt.uam.mx\/consejo_editorial\/index.php\/wp-json\/wp\/v2\/media?parent=1707"}],"curies":[{"name":"wp","href":"https:\/\/api.w.org\/{rel}","templated":true}]}}