{"id":4669,"date":"2023-11-03T17:10:14","date_gmt":"2023-11-03T17:10:14","guid":{"rendered":"https:\/\/divcsh.izt.uam.mx\/dcsh\/?page_id=4669"},"modified":"2026-04-28T10:14:20","modified_gmt":"2026-04-28T16:14:20","slug":"ev-curricular","status":"publish","type":"page","link":"https:\/\/divcsh.izt.uam.mx\/dcsh\/index.php\/ev-curricular\/","title":{"rendered":"Concursos de Evaluaci\u00f3n Curricular"},"content":{"rendered":"\t\t<div data-elementor-type=\"wp-page\" data-elementor-id=\"4669\" class=\"elementor elementor-4669\" data-elementor-post-type=\"page\">\n\t\t\t\t<div class=\"elementor-element elementor-element-a6719a7 e-con-full e-flex elementor-invisible e-con e-parent\" data-id=\"a6719a7\" data-element_type=\"container\" data-e-type=\"container\" data-settings=\"{&quot;background_background&quot;:&quot;classic&quot;,&quot;animation&quot;:&quot;fadeIn&quot;}\">\n\t\t\t\t<div class=\"elementor-element elementor-element-bfcb088 elementor-widget elementor-widget-spacer\" data-id=\"bfcb088\" data-element_type=\"widget\" data-e-type=\"widget\" data-widget_type=\"spacer.default\">\n\t\t\t\t<div class=\"elementor-widget-container\">\n\t\t\t\t\t\t\t<div class=\"elementor-spacer\">\n\t\t\t<div class=\"elementor-spacer-inner\"><\/div>\n\t\t<\/div>\n\t\t\t\t\t\t<\/div>\n\t\t\t\t<\/div>\n\t\t\t\t<div class=\"elementor-element elementor-element-1653541 elementor-invisible elementor-widget elementor-widget-heading\" data-id=\"1653541\" data-element_type=\"widget\" data-e-type=\"widget\" data-settings=\"{&quot;_animation&quot;:&quot;fadeIn&quot;}\" data-widget_type=\"heading.default\">\n\t\t\t\t<div class=\"elementor-widget-container\">\n\t\t\t\t\t<h1 class=\"elementor-heading-title elementor-size-default\">Dict\u00e1menes de evaluaci\u00f3n curricular<\/h1>\t\t\t\t<\/div>\n\t\t\t\t<\/div>\n\t\t\t\t<div class=\"elementor-element elementor-element-44c83dd elementor-widget elementor-widget-spacer\" data-id=\"44c83dd\" data-element_type=\"widget\" data-e-type=\"widget\" data-widget_type=\"spacer.default\">\n\t\t\t\t<div class=\"elementor-widget-container\">\n\t\t\t\t\t\t\t<div class=\"elementor-spacer\">\n\t\t\t<div class=\"elementor-spacer-inner\"><\/div>\n\t\t<\/div>\n\t\t\t\t\t\t<\/div>\n\t\t\t\t<\/div>\n\t\t\t\t<\/div>\n\t\t<div class=\"elementor-element elementor-element-24e792c e-con-full e-flex elementor-invisible e-con e-parent\" data-id=\"24e792c\" data-element_type=\"container\" data-e-type=\"container\" data-settings=\"{&quot;animation&quot;:&quot;fadeIn&quot;}\">\n\t\t\t\t<div class=\"elementor-element elementor-element-ecc82db elementor-widget elementor-widget-heading\" data-id=\"ecc82db\" data-element_type=\"widget\" data-e-type=\"widget\" data-widget_type=\"heading.default\">\n\t\t\t\t<div class=\"elementor-widget-container\">\n\t\t\t\t\t<h4 class=\"elementor-heading-title elementor-size-default\">Consulta los resultados<\/h4>\t\t\t\t<\/div>\n\t\t\t\t<\/div>\n\t\t\t\t<div class=\"elementor-element elementor-element-f25ef7a elementor-widget elementor-widget-spacer\" data-id=\"f25ef7a\" data-element_type=\"widget\" data-e-type=\"widget\" data-widget_type=\"spacer.default\">\n\t\t\t\t<div class=\"elementor-widget-container\">\n\t\t\t\t\t\t\t<div class=\"elementor-spacer\">\n\t\t\t<div class=\"elementor-spacer-inner\"><\/div>\n\t\t<\/div>\n\t\t\t\t\t\t<\/div>\n\t\t\t\t<\/div>\n\t\t\t\t<div class=\"elementor-element elementor-element-fccfbda elementor-widget elementor-widget-eael-adv-accordion\" data-id=\"fccfbda\" data-element_type=\"widget\" data-e-type=\"widget\" data-widget_type=\"eael-adv-accordion.default\">\n\t\t\t\t<div class=\"elementor-widget-container\">\n\t\t\t\t\t            <div class=\"eael-adv-accordion\" id=\"eael-adv-accordion-fccfbda\" data-scroll-on-click=\"no\" data-scroll-speed=\"300\" data-accordion-id=\"fccfbda\" data-accordion-type=\"accordion\" data-toogle-speed=\"300\">\n            <div class=\"eael-accordion-list\">\n\t\t\t\t\t<div id=\"departamento-de-antropologa\" class=\"elementor-tab-title eael-accordion-header\" tabindex=\"0\" data-tab=\"1\" aria-controls=\"elementor-tab-content-2651\"><span class=\"eael-accordion-tab-title\">Departamento de Antropolog\u00eda<\/span><span class=\"eael-advanced-accordion-icon-closed\"><\/span><span class=\"eael-advanced-accordion-icon-opened\"><\/span><\/div><div id=\"elementor-tab-content-2651\" class=\"eael-accordion-content clearfix\" data-tab=\"1\" aria-labelledby=\"departamento-de-antropologa\"><ul><li><a href=\"https:\/\/divcsh.izt.uam.mx\/dcsh\/wp-content\/uploads\/2026\/03\/EC.I.CSH_.a.001.26.pdf\">EC.I.CSH.a.001.26<\/a><\/li><li><a href=\"https:\/\/divcsh.izt.uam.mx\/dcsh\/wp-content\/uploads\/2026\/04\/EC.I.CSH_.a.002.26-DICTAMEN_ICSHa00226.pdf\">EC.I.CSH.a.002.26<\/a><\/li><li><a href=\"https:\/\/divcsh.izt.uam.mx\/dcsh\/wp-content\/uploads\/2026\/04\/EC.I.CSH_.a.003.26-DICTAMEN_ICSHa00326.pdf\">EC.I.CSH.a.003.26<\/a><\/li><li><a href=\"https:\/\/divcsh.izt.uam.mx\/dcsh\/wp-content\/uploads\/2026\/03\/EC.I.CSH_.a.004.26.pdf\">EC.I.CSH.a.004.26<\/a><\/li><li><a href=\"https:\/\/divcsh.izt.uam.mx\/dcsh\/wp-content\/uploads\/2026\/04\/EC.I.CSH_.a.005.26-DICTAMEN_ICSHa00526.pdf\">EC.I.CSH.a.005.26<\/a><\/li><li><a href=\"https:\/\/divcsh.izt.uam.mx\/dcsh\/wp-content\/uploads\/2025\/04\/EC.I.CSH_.a.001.25-DICTAMEN_ICSHa0012523.pdf\">EC.I.CSH.a.001.25<\/a><\/li><li><a href=\"https:\/\/divcsh.izt.uam.mx\/dcsh\/wp-content\/uploads\/2025\/04\/EC.I.CSH_.a.002.25-DICTAMEN_ICSHa0022583.pdf\">EC.I.CSH.a.002.25<\/a><\/li><li><a href=\"https:\/\/divcsh.izt.uam.mx\/dcsh\/wp-content\/uploads\/2025\/04\/EC.I.CSH_.a.003.25-DICTAMEN_ICSHa0032598.pdf\">EC.I.CSH.a.003.25<\/a><\/li><li><a href=\"https:\/\/divcsh.izt.uam.mx\/dcsh\/wp-content\/uploads\/2025\/07\/EC.I.CSH_.a.004.25-DICTAMEN_ICSHa00425.pdf\">EC.I.CSH.a.004.25<\/a><\/li><li><a href=\"https:\/\/divcsh.izt.uam.mx\/dcsh\/wp-content\/uploads\/2025\/08\/EC.I.CSH_.a.005.25-DICTAMEN_ICSHa00525.pdf\">EC.I.CSH.a.005.25<\/a><\/li><li><a href=\"https:\/\/divcsh.izt.uam.mx\/dcsh\/wp-content\/uploads\/2025\/10\/EC.I.CSH_.a.006.25.pdf\">EC.I.CSH.a.006.25<\/a><\/li><li><a href=\"https:\/\/divcsh.izt.uam.mx\/dcsh\/wp-content\/uploads\/2026\/01\/EC.I.CSH_.a.007.25.pdf\">EC.I.CSH.a.007.25<\/a><\/li><\/ul><\/div>\n\t\t\t\t\t<\/div><div class=\"eael-accordion-list\">\n\t\t\t\t\t<div id=\"departamento-de-economa\" class=\"elementor-tab-title eael-accordion-header\" tabindex=\"0\" data-tab=\"2\" aria-controls=\"elementor-tab-content-2652\"><span class=\"eael-accordion-tab-title\">Departamento de Econom\u00eda<\/span><span class=\"eael-advanced-accordion-icon-closed\"><\/span><span class=\"eael-advanced-accordion-icon-opened\"><\/span><\/div><div id=\"elementor-tab-content-2652\" class=\"eael-accordion-content clearfix\" data-tab=\"2\" aria-labelledby=\"departamento-de-economa\"><ul><li><a href=\"https:\/\/divcsh.izt.uam.mx\/dcsh\/wp-content\/uploads\/2026\/02\/EC.I.CSH_.b.001.26-I.CSH_.b.001.pdf\">EC.I.CSH.b.001.26<\/a><\/li><li><a href=\"https:\/\/divcsh.izt.uam.mx\/dcsh\/wp-content\/uploads\/2026\/04\/EC.I.CSH_.b.002.26.pdf\">EC.I.CSH.b.002.26<\/a><\/li><li><a href=\"https:\/\/divcsh.izt.uam.mx\/dcsh\/wp-content\/uploads\/2026\/03\/EC.I.CSH_.b.003.26.pdf\">EC.I.CSH.b.003.26<\/a><\/li><li><a href=\"https:\/\/divcsh.izt.uam.mx\/dcsh\/wp-content\/uploads\/2026\/04\/EC.I.CSH_.b.005.26.pdf\">EC.I.CSH.b.005.26<\/a><\/li><li><a href=\"https:\/\/divcsh.izt.uam.mx\/dcsh\/wp-content\/uploads\/2026\/04\/EC.I.CSH_.b.014.26-I.CSH_.b.014.pdf\">EC.I.CSH.b.014.26<\/a><\/li><li><a href=\"https:\/\/divcsh.izt.uam.mx\/dcsh\/wp-content\/uploads\/2026\/03\/EC.I.CSH_.b.020.26.pdf\">EC.I.CSH.b.020.26<\/a><\/li><li><a href=\"https:\/\/divcsh.izt.uam.mx\/dcsh\/wp-content\/uploads\/2026\/04\/EC.I.CSH_.b.021.26.pdf\">EC.I.CSH.b.021.26<\/a><\/li><li><a href=\"https:\/\/divcsh.izt.uam.mx\/dcsh\/wp-content\/uploads\/2026\/03\/EC.I.CSH_.b.022.26.pdf\">EC.I.CSH.b.022.26<\/a><\/li><li><a href=\"https:\/\/divcsh.izt.uam.mx\/dcsh\/wp-content\/uploads\/2026\/03\/EC.I.CSH_.b.023.26.pdf\">EC.I.CSH.b.023.26<\/a><\/li><li><a href=\"https:\/\/divcsh.izt.uam.mx\/dcsh\/wp-content\/uploads\/2026\/04\/EC.I.CSH_.b.024.26-I.CSH_.b.024.pdf\">EC.I.CSH.b.024.26<\/a><\/li><li><a href=\"https:\/\/divcsh.izt.uam.mx\/dcsh\/wp-content\/uploads\/2026\/04\/EC.I.CSH_.b.025.26.pdf\">EC.I.CSH.b.025.26<\/a><\/li><li><a href=\"https:\/\/divcsh.izt.uam.mx\/dcsh\/wp-content\/uploads\/2026\/04\/EC.I.CSH_.b.027.26-DICTAMEN_ICSHb02726.pdf\">EC.I.CSH.b.027.26<\/a><\/li><li><a href=\"https:\/\/divcsh.izt.uam.mx\/dcsh\/wp-content\/uploads\/2026\/04\/EC.I.CSH_.b.028.26-DICTAMEN_ICSHb02826.pdf\">EC.I.CSH.b.028.26<\/a><\/li><\/ul><\/div>\n\t\t\t\t\t<\/div><div class=\"eael-accordion-list\">\n\t\t\t\t\t<div id=\"departamento-de-filosofa\" class=\"elementor-tab-title eael-accordion-header\" tabindex=\"0\" data-tab=\"3\" aria-controls=\"elementor-tab-content-2653\"><span class=\"eael-accordion-tab-title\">Departamento de Filosof\u00eda<\/span><span class=\"eael-advanced-accordion-icon-closed\"><\/span><span class=\"eael-advanced-accordion-icon-opened\"><\/span><\/div><div id=\"elementor-tab-content-2653\" class=\"eael-accordion-content clearfix\" data-tab=\"3\" aria-labelledby=\"departamento-de-filosofa\"><ul><li><a href=\"https:\/\/divcsh.izt.uam.mx\/dcsh\/wp-content\/uploads\/2026\/02\/EC.I.CSH_.c.001.26.pdf\">EC.I.CSH.c.001.26<\/a><\/li><li><a href=\"https:\/\/divcsh.izt.uam.mx\/dcsh\/wp-content\/uploads\/2026\/02\/EC.I.CSH_.c.003.26.pdf\">EC.I.CSH.c.003.26<\/a><\/li><li><a href=\"https:\/\/divcsh.izt.uam.mx\/dcsh\/wp-content\/uploads\/2026\/03\/EC.I.CSH_.c.004.26.pdf\">EC.I.CSH.c.004.26<\/a><\/li><li><a href=\"https:\/\/divcsh.izt.uam.mx\/dcsh\/wp-content\/uploads\/2026\/03\/EC.I.CSH_.c.005.26.pdf\">EC.I.CSH.c.005.26<\/a><\/li><li><a href=\"https:\/\/divcsh.izt.uam.mx\/dcsh\/wp-content\/uploads\/2026\/04\/EC.I.CSH_.c.006.26-DICTAMEN_ICSHc00626.pdf\">EC.I.CSH.c.006.26<\/a><\/li><li><a href=\"https:\/\/divcsh.izt.uam.mx\/dcsh\/wp-content\/uploads\/2026\/03\/EC.I.CSH_.c.007.26.pdf\">EC.I.CSH.c.007.26<\/a><\/li><li><a href=\"https:\/\/divcsh.izt.uam.mx\/dcsh\/wp-content\/uploads\/2026\/03\/EC.I.CSH_.c.010.26.pdf\">EC.I.CSH.c.010.26<\/a><\/li><li><a href=\"https:\/\/divcsh.izt.uam.mx\/dcsh\/wp-content\/uploads\/2026\/03\/EC.I.CSH_.c.012.26.pdf\">EC.I.CSH.c.012.26<\/a><\/li><li><a href=\"https:\/\/divcsh.izt.uam.mx\/dcsh\/wp-content\/uploads\/2026\/03\/EC.I.CSH_.c.013.26.pdf\">EC.I.CSH.c.013.26<\/a><\/li><li><a href=\"https:\/\/divcsh.izt.uam.mx\/dcsh\/wp-content\/uploads\/2026\/03\/EC.I.CSH_.c.014.26.pdf\">EC.I.CSH.c.014.26<\/a><\/li><li><a href=\"https:\/\/divcsh.izt.uam.mx\/dcsh\/wp-content\/uploads\/2026\/04\/EC.I.CSH_.c.015.26.pdf\">EC.I.CSH.c.015.26<\/a><\/li><li><a href=\"https:\/\/divcsh.izt.uam.mx\/dcsh\/wp-content\/uploads\/2026\/04\/EC.I.CSH_.c.016.26.pdf\">EC.I.CSH.c.016.26<\/a><\/li><li><a href=\"https:\/\/divcsh.izt.uam.mx\/dcsh\/wp-content\/uploads\/2026\/03\/EC.I.CSH_.c.020.26.pdf\">EC.I.CSH.c.020.26<\/a><\/li><li><a href=\"https:\/\/divcsh.izt.uam.mx\/dcsh\/wp-content\/uploads\/2026\/04\/EC.I.CSH_.c.022.26-DICTAMEN_ICSHc02226.pdf\">EC.I.CSH.c.022.26<\/a><\/li><li><a href=\"https:\/\/divcsh.izt.uam.mx\/dcsh\/wp-content\/uploads\/2026\/04\/EC.I.CSH_.c.023.26-DICTAMEN_ICSHc02326.pdf\">EC.I.CSH.c.023.26<\/a><\/li><li><a href=\"https:\/\/divcsh.izt.uam.mx\/dcsh\/wp-content\/uploads\/2026\/03\/EC.I.CSH_.c.024.26.pdf\">EC.I.CSH.c.024.26<\/a><\/li><li><a href=\"https:\/\/divcsh.izt.uam.mx\/dcsh\/wp-content\/uploads\/2026\/03\/EC.I.CSH_.c.025.26.pdf\">EC.I.CSH.c.025.26<\/a><\/li><li><a href=\"https:\/\/divcsh.izt.uam.mx\/dcsh\/wp-content\/uploads\/2026\/03\/EC.I.CSH_.c.026.26.pdf\">EC.I.CSH.c.026.26<\/a><\/li><li><a href=\"https:\/\/divcsh.izt.uam.mx\/dcsh\/wp-content\/uploads\/2026\/03\/EC.I.CSH_.c.027.26.pdf\">EC.I.CSH.c.027.26<\/a><\/li><li><a href=\"https:\/\/divcsh.izt.uam.mx\/dcsh\/wp-content\/uploads\/2026\/04\/EC.I.CSH_.c.029.26-I.CSH_.c.029.pdf\">EC.I.CSH.c.029.26<\/a><\/li><li><a href=\"https:\/\/divcsh.izt.uam.mx\/dcsh\/wp-content\/uploads\/2026\/04\/EC.I.CSH_.c.030.26-I.CSH_.c.030.pdf\">EC.I.CSH.c.030.26<\/a><\/li><li><a href=\"https:\/\/divcsh.izt.uam.mx\/dcsh\/wp-content\/uploads\/2026\/04\/EC.I.CSH_.c.031.26.pdf\">EC.I.CSH.c.031.26<\/a><\/li><li><a href=\"https:\/\/divcsh.izt.uam.mx\/dcsh\/wp-content\/uploads\/2026\/03\/EC.I.CSH_.c.032.26.pdf\">EC.I.CSH.c.032.26<\/a><\/li><li><a href=\"https:\/\/divcsh.izt.uam.mx\/dcsh\/wp-content\/uploads\/2026\/03\/EC.I.CSH_.c.033.26.pdf\">EC.I.CSH.c.033.26<\/a><\/li><\/ul><\/div>\n\t\t\t\t\t<\/div><div class=\"eael-accordion-list\">\n\t\t\t\t\t<div id=\"departamento-de-sociologa\" class=\"elementor-tab-title eael-accordion-header\" tabindex=\"0\" data-tab=\"4\" aria-controls=\"elementor-tab-content-2654\"><span class=\"eael-accordion-tab-title\">Departamento de Sociolog\u00eda<\/span><span class=\"eael-advanced-accordion-icon-closed\"><\/span><span class=\"eael-advanced-accordion-icon-opened\"><\/span><\/div><div id=\"elementor-tab-content-2654\" class=\"eael-accordion-content clearfix\" data-tab=\"4\" aria-labelledby=\"departamento-de-sociologa\"><ul><li><a href=\"https:\/\/divcsh.izt.uam.mx\/dcsh\/wp-content\/uploads\/2026\/02\/EC.I.CSH_.d.001.26.pdf\">EC.I.CSH.d.001.26<\/a><\/li><li><a href=\"https:\/\/divcsh.izt.uam.mx\/dcsh\/wp-content\/uploads\/2026\/03\/EC.I.CSH_.d.002.26.pdf\">EC.I.CSH.d.002.26<\/a><\/li><li><a href=\"https:\/\/divcsh.izt.uam.mx\/dcsh\/wp-content\/uploads\/2026\/03\/EC.I.CSH_.d.003.26.pdf\">EC.I.CSH.d.003.26<\/a><\/li><li><a href=\"https:\/\/divcsh.izt.uam.mx\/dcsh\/wp-content\/uploads\/2026\/03\/EC.I.CSH_.d.004.26.pdf\">EC.I.CSH.d.004.26<\/a><\/li><li><a href=\"https:\/\/divcsh.izt.uam.mx\/dcsh\/wp-content\/uploads\/2026\/04\/EC.I.CSH_.d.006.26-DICTAMEN_ICSHd00626.pdf\">EC.I.CSH.d.006.26<\/a><\/li><li><a href=\"https:\/\/divcsh.izt.uam.mx\/dcsh\/wp-content\/uploads\/2026\/04\/EC.I.CSH_.d.008.26-ICSHd008.pdf\">EC.I.CSH.d.008.26<\/a><\/li><li><a href=\"https:\/\/divcsh.izt.uam.mx\/dcsh\/wp-content\/uploads\/2026\/04\/EC.I.CSH_.d.010.26.pdf\">EC.I.CSH.d.010.26<\/a><\/li><li><a href=\"https:\/\/divcsh.izt.uam.mx\/dcsh\/wp-content\/uploads\/2026\/04\/EC.I.CSH_.d.011.26-I.CSH_.d.011.pdf\">EC.I.CSH.d.011.26<\/a><\/li><li><a href=\"https:\/\/divcsh.izt.uam.mx\/dcsh\/wp-content\/uploads\/2026\/04\/EC.I.CSH_.d.012.26-I.CSH_.d.012.pdf\">EC.I.CSH.d.012.26<\/a><\/li><\/ul><\/div>\n\t\t\t\t\t<\/div><\/div>\t\t\t\t<\/div>\n\t\t\t\t<\/div>\n\t\t\t\t<div class=\"elementor-element elementor-element-e148427 elementor-widget elementor-widget-spacer\" data-id=\"e148427\" data-element_type=\"widget\" data-e-type=\"widget\" data-widget_type=\"spacer.default\">\n\t\t\t\t<div class=\"elementor-widget-container\">\n\t\t\t\t\t\t\t<div class=\"elementor-spacer\">\n\t\t\t<div class=\"elementor-spacer-inner\"><\/div>\n\t\t<\/div>\n\t\t\t\t\t\t<\/div>\n\t\t\t\t<\/div>\n\t\t\t\t<div class=\"elementor-element elementor-element-def3c3d elementor-widget elementor-widget-spacer\" data-id=\"def3c3d\" data-element_type=\"widget\" data-e-type=\"widget\" data-widget_type=\"spacer.default\">\n\t\t\t\t<div class=\"elementor-widget-container\">\n\t\t\t\t\t\t\t<div class=\"elementor-spacer\">\n\t\t\t<div class=\"elementor-spacer-inner\"><\/div>\n\t\t<\/div>\n\t\t\t\t\t\t<\/div>\n\t\t\t\t<\/div>\n\t\t\t\t<\/div>\n\t\t\t\t<\/div>\n\t\t","protected":false},"excerpt":{"rendered":"<p>Dict\u00e1menes de evaluaci\u00f3n curricular Consulta los resultados Departamento de Antropolog\u00eda EC.I.CSH.a.001.26 EC.I.CSH.a.002.26 EC.I.CSH.a.003.26 EC.I.CSH.a.004.26 EC.I.CSH.a.005.26 EC.I.CSH.a.001.25 EC.I.CSH.a.002.25 EC.I.CSH.a.003.25 EC.I.CSH.a.004.25 EC.I.CSH.a.005.25 EC.I.CSH.a.006.25 EC.I.CSH.a.007.25 Departamento de Econom\u00eda EC.I.CSH.b.001.26 EC.I.CSH.b.002.26 EC.I.CSH.b.003.26 EC.I.CSH.b.005.26 EC.I.CSH.b.014.26 EC.I.CSH.b.020.26 EC.I.CSH.b.021.26 EC.I.CSH.b.022.26 EC.I.CSH.b.023.26 EC.I.CSH.b.024.26 EC.I.CSH.b.025.26 EC.I.CSH.b.027.26 EC.I.CSH.b.028.26 Departamento de Filosof\u00eda EC.I.CSH.c.001.26 EC.I.CSH.c.003.26 EC.I.CSH.c.004.26 EC.I.CSH.c.005.26 EC.I.CSH.c.006.26 EC.I.CSH.c.007.26 EC.I.CSH.c.010.26 EC.I.CSH.c.012.26 EC.I.CSH.c.013.26 EC.I.CSH.c.014.26 EC.I.CSH.c.015.26 EC.I.CSH.c.016.26 EC.I.CSH.c.020.26 EC.I.CSH.c.022.26 [&hellip;]<\/p>\n","protected":false},"author":12,"featured_media":0,"parent":0,"menu_order":0,"comment_status":"closed","ping_status":"closed","template":"","meta":{"footnotes":""},"class_list":["post-4669","page","type-page","status-publish","hentry"],"blocksy_meta":{"page_title_panel":"","has_hero_section":"disabled","5b8f58a7d00eebcdf1b39e107f27565c":"","hero_section":"type-1","hero_elements":[{"id":"custom_title","enabled":true,"heading_tag":"h1","title":"Home"},{"id":"custom_description","enabled":true,"description_visibility":{"desktop":true,"tablet":true,"mobile":false}},{"id":"custom_meta","enabled":false,"meta_elements":[{"id":"author","enabled":true,"label":"By","has_author_avatar":"yes","avatar_size":25},{"id":"post_date","enabled":true,"label":"On","date_format_source":"default","date_format":"M j, Y"},{"id":"updated_date","enabled":false,"label":"On","date_format_source":"default","date_format":"M j, Y"},{"id":"categories","enabled":false,"label":"In","style":"simple"},{"id":"comments","enabled":true}],"page_meta_elements":{"joined":true,"articles_count":true,"comments":true}},{"id":"breadcrumbs","enabled":false}],"6a780d8358f7749d3209388f5cf3e102":"","hero_alignment1":"CT_CSS_SKIP_RULE","hero_margin":40,"hero_alignment2":"center","hero_vertical_alignment":"center","aeb7fc5c37df6ce32c2652800b590b75":"","hero_structure":"narrow","31c480dffc4e8ad0042320fa1dc69be3":"","page_title_bg_type":"featured_image","custom_hero_background":{"attachment_id":null},"page_title_image_size":"full","parallax":{"desktop":false,"tablet":false,"mobile":false},"430ab52900e1df34ff50e650d97dabde":"","hero_height":"250px","pageTitleFont":{"family":"Default","variation":"Default","size":"30px","line-height":"CT_CSS_SKIP_RULE","letter-spacing":"CT_CSS_SKIP_RULE","text-transform":"CT_CSS_SKIP_RULE","text-decoration":"CT_CSS_SKIP_RULE"},"pageTitleFontColor":{"default":{"color":"CT_CSS_SKIP_RULEDEFAULT"}},"pageMetaFont":{"family":"Default","variation":"n6","size":"12px","line-height":"1.3","letter-spacing":"CT_CSS_SKIP_RULE","text-transform":"uppercase","text-decoration":"CT_CSS_SKIP_RULE"},"pageMetaFontColor":{"default":{"color":"CT_CSS_SKIP_RULEDEFAULT"},"hover":{"color":"CT_CSS_SKIP_RULEDEFAULT"}},"page_meta_button_type_font_colors":{"default":{"color":"CT_CSS_SKIP_RULEDEFAULT"},"hover":{"color":"CT_CSS_SKIP_RULEDEFAULT"}},"page_meta_button_type_background_colors":{"default":{"color":"CT_CSS_SKIP_RULEDEFAULT"},"hover":{"color":"CT_CSS_SKIP_RULEDEFAULT"}},"pageExcerptFont":{"family":"Default","variation":"Default","size":"CT_CSS_SKIP_RULE","line-height":"CT_CSS_SKIP_RULE","letter-spacing":"CT_CSS_SKIP_RULE","text-transform":"CT_CSS_SKIP_RULE","text-decoration":"CT_CSS_SKIP_RULE"},"pageExcerptColor":{"default":{"color":"CT_CSS_SKIP_RULEDEFAULT"}},"breadcrumbsFont":{"family":"Default","variation":"Default","size":"CT_CSS_SKIP_RULE","line-height":"CT_CSS_SKIP_RULE","letter-spacing":"CT_CSS_SKIP_RULE","text-transform":"CT_CSS_SKIP_RULE","text-decoration":"CT_CSS_SKIP_RULE"},"breadcrumbsFontColor":{"default":{"color":"CT_CSS_SKIP_RULEDEFAULT"},"initial":{"color":"CT_CSS_SKIP_RULEDEFAULT"},"hover":{"color":"CT_CSS_SKIP_RULEDEFAULT"}},"pageTitleOverlay":{"background_type":"color","background_pattern":"type-1","background_image":{"attachment_id":null,"x":0,"y":0},"gradient":"linear-gradient(135deg,rgba(6,147,227,1) 0%,rgb(155,81,224) 100%)","background_repeat":"repeat","background_size":"auto","background_attachment":"scroll","patternColor":{"default":{"color":"#e5e7ea"}},"overlayColor":{"default":{"color":"CT_CSS_SKIP_RULE"}},"backgroundColor":{"default":{"color":"CT_CSS_SKIP_RULE"}}},"pageTitleBackground":{"background_type":"color","background_pattern":"type-1","background_image":{"attachment_id":null,"x":0,"y":0},"gradient":"linear-gradient(135deg,rgba(6,147,227,1) 0%,rgb(155,81,224) 100%)","background_repeat":"repeat","background_size":"auto","background_attachment":"scroll","patternColor":{"default":{"color":"#e5e7ea"}},"overlayColor":{"default":{"color":"CT_CSS_SKIP_RULE"}},"backgroundColor":{"default":{"color":"var(--theme-palette-color-6)"}}},"pageTitlePadding":{"top":"50px","bottom":"50px","left":"auto","right":"auto","linked":true},"08b9461e259b714af1e430503c5721ef":"","page_structure_type":"default","46064d3b3b7967c5221e0131bbac5d0b":"","content_style_source":"inherit","content_style":"wide","vertical_spacing_source":"custom","content_area_spacing":"none","background":{"background_type":"color","background_pattern":"type-1","background_image":{"attachment_id":null,"x":0,"y":0},"gradient":"linear-gradient(135deg,rgba(6,147,227,1) 0%,rgb(155,81,224) 100%)","background_repeat":"repeat","background_size":"auto","background_attachment":"scroll","patternColor":{"default":{"color":"#e5e7ea"}},"overlayColor":{"default":{"color":"CT_CSS_SKIP_RULE"}},"backgroundColor":{"default":{"color":"CT_CSS_SKIP_RULE"}}},"content_background":{"background_type":"color","background_pattern":"type-1","background_image":{"attachment_id":null,"x":0,"y":0},"gradient":"linear-gradient(135deg,rgba(6,147,227,1) 0%,rgb(155,81,224) 100%)","background_repeat":"repeat","background_size":"auto","background_attachment":"scroll","patternColor":{"default":{"color":"#e5e7ea"}},"overlayColor":{"default":{"color":"CT_CSS_SKIP_RULE"}},"backgroundColor":{"default":{"color":"var(--theme-palette-color-8)"}}},"content_boxed_shadow":{"inherit":false,"blur":18,"spread":-6,"v_offset":12,"h_offset":0,"inset":false,"enable":true,"color":{"color":"rgba(34, 56, 101, 0.04)"}},"content_boxed_border":{"width":1,"style":"none","color":{"color":"rgba(44,62,80,0.2)"}},"content_boxed_radius":{"top":"3px","bottom":"3px","left":"3px","right":"3px","linked":true},"boxed_content_spacing":{"desktop":{"top":"40px","bottom":"40px","left":"40px","right":"40px","linked":true},"tablet":{"top":"35px","bottom":"35px","left":"35px","right":"35px","linked":true},"mobile":{"top":"20px","bottom":"20px","left":"20px","right":"20px","linked":true}},"376b97430f937d3717273866b6ec31d5":"","disable_featured_image":"no","disable_share_box":"no","disable_header":"no","disable_footer":"no","styles_descriptor":{"styles":{"desktop":"","tablet":"","mobile":""},"google_fonts":[],"version":6}},"_links":{"self":[{"href":"https:\/\/divcsh.izt.uam.mx\/dcsh\/index.php\/wp-json\/wp\/v2\/pages\/4669","targetHints":{"allow":["GET"]}}],"collection":[{"href":"https:\/\/divcsh.izt.uam.mx\/dcsh\/index.php\/wp-json\/wp\/v2\/pages"}],"about":[{"href":"https:\/\/divcsh.izt.uam.mx\/dcsh\/index.php\/wp-json\/wp\/v2\/types\/page"}],"author":[{"embeddable":true,"href":"https:\/\/divcsh.izt.uam.mx\/dcsh\/index.php\/wp-json\/wp\/v2\/users\/12"}],"replies":[{"embeddable":true,"href":"https:\/\/divcsh.izt.uam.mx\/dcsh\/index.php\/wp-json\/wp\/v2\/comments?post=4669"}],"version-history":[{"count":0,"href":"https:\/\/divcsh.izt.uam.mx\/dcsh\/index.php\/wp-json\/wp\/v2\/pages\/4669\/revisions"}],"wp:attachment":[{"href":"https:\/\/divcsh.izt.uam.mx\/dcsh\/index.php\/wp-json\/wp\/v2\/media?parent=4669"}],"curies":[{"name":"wp","href":"https:\/\/api.w.org\/{rel}","templated":true}]}}