{"id":7403,"date":"2024-07-15T04:12:03","date_gmt":"2024-07-15T04:12:03","guid":{"rendered":"https:\/\/divcsh.izt.uam.mx\/dcsh\/?page_id=7403"},"modified":"2025-03-26T11:02:12","modified_gmt":"2025-03-26T17:02:12","slug":"presentacion","status":"publish","type":"page","link":"https:\/\/divcsh.izt.uam.mx\/dcsh\/index.php\/presentacion\/","title":{"rendered":"Presentaci\u00f3n"},"content":{"rendered":"\t\t<div data-elementor-type=\"wp-page\" data-elementor-id=\"7403\" class=\"elementor elementor-7403\" data-elementor-post-type=\"page\">\n\t\t\t\t<div class=\"elementor-element elementor-element-a6719a7 e-con-full e-flex elementor-invisible e-con e-parent\" data-id=\"a6719a7\" data-element_type=\"container\" data-e-type=\"container\" data-settings=\"{&quot;background_background&quot;:&quot;classic&quot;,&quot;animation&quot;:&quot;fadeIn&quot;}\">\n\t\t\t\t<div class=\"elementor-element elementor-element-bfcb088 elementor-widget elementor-widget-spacer\" data-id=\"bfcb088\" data-element_type=\"widget\" data-e-type=\"widget\" data-widget_type=\"spacer.default\">\n\t\t\t\t<div class=\"elementor-widget-container\">\n\t\t\t\t\t\t\t<div class=\"elementor-spacer\">\n\t\t\t<div class=\"elementor-spacer-inner\"><\/div>\n\t\t<\/div>\n\t\t\t\t\t\t<\/div>\n\t\t\t\t<\/div>\n\t\t\t\t<div class=\"elementor-element elementor-element-1653541 elementor-invisible elementor-widget elementor-widget-heading\" data-id=\"1653541\" data-element_type=\"widget\" data-e-type=\"widget\" data-settings=\"{&quot;_animation&quot;:&quot;fadeIn&quot;}\" data-widget_type=\"heading.default\">\n\t\t\t\t<div class=\"elementor-widget-container\">\n\t\t\t\t\t<h1 class=\"elementor-heading-title elementor-size-default\">Divisi\u00f3n de Ciencias Sociales y Humanidades<\/h1>\t\t\t\t<\/div>\n\t\t\t\t<\/div>\n\t\t\t\t<div class=\"elementor-element elementor-element-44c83dd elementor-widget elementor-widget-spacer\" data-id=\"44c83dd\" data-element_type=\"widget\" data-e-type=\"widget\" data-widget_type=\"spacer.default\">\n\t\t\t\t<div class=\"elementor-widget-container\">\n\t\t\t\t\t\t\t<div class=\"elementor-spacer\">\n\t\t\t<div class=\"elementor-spacer-inner\"><\/div>\n\t\t<\/div>\n\t\t\t\t\t\t<\/div>\n\t\t\t\t<\/div>\n\t\t\t\t<\/div>\n\t\t<div class=\"elementor-element elementor-element-504774f e-con-full e-flex elementor-invisible e-con e-parent\" data-id=\"504774f\" data-element_type=\"container\" data-e-type=\"container\" data-settings=\"{&quot;background_background&quot;:&quot;classic&quot;,&quot;animation&quot;:&quot;fadeIn&quot;}\">\n\t\t\t\t<div class=\"elementor-element elementor-element-cba0054 elementor-widget elementor-widget-spacer\" data-id=\"cba0054\" data-element_type=\"widget\" data-e-type=\"widget\" data-widget_type=\"spacer.default\">\n\t\t\t\t<div class=\"elementor-widget-container\">\n\t\t\t\t\t\t\t<div class=\"elementor-spacer\">\n\t\t\t<div class=\"elementor-spacer-inner\"><\/div>\n\t\t<\/div>\n\t\t\t\t\t\t<\/div>\n\t\t\t\t<\/div>\n\t\t\t\t<\/div>\n\t\t<div class=\"elementor-element elementor-element-a58ea3e e-flex e-con-boxed e-con e-parent\" data-id=\"a58ea3e\" data-element_type=\"container\" data-e-type=\"container\">\n\t\t\t\t\t<div class=\"e-con-inner\">\n\t\t<div class=\"elementor-element elementor-element-6218bb8 e-con-full e-flex e-con e-child\" data-id=\"6218bb8\" data-element_type=\"container\" data-e-type=\"container\">\n\t\t\t\t<div class=\"elementor-element elementor-element-2b14d00 elementor-widget elementor-widget-text-editor\" data-id=\"2b14d00\" data-element_type=\"widget\" data-e-type=\"widget\" data-widget_type=\"text-editor.default\">\n\t\t\t\t<div class=\"elementor-widget-container\">\n\t\t\t\t\t\t\t\t\t<p>La Divisi\u00f3n de Ciencias Sociales y Humanidades, inici\u00f3 sus actividades en <strong>1974<\/strong>, a\u00f1o de creaci\u00f3n de la UAM-I;&nbsp;con el objetivo de promover el conocimiento y la investigaci\u00f3n en \u00e1reas fundamentales para el entendimiento de la sociedad y la cultura. El <strong>Dr. Luis Villoro Toranzo<\/strong>,&nbsp; tuvo a su cargo la primera direcci\u00f3n de la Divisi\u00f3n de Ciencias Sociales y Humanidades de la Unidad Iztapalapa.&nbsp;<\/p>\n<p>Desde su creaci\u00f3n, la Divisi\u00f3n ha sido un referente en la formaci\u00f3n de profesionales comprometidos con el an\u00e1lisis cr\u00edtico y la soluci\u00f3n de problemas sociales.<\/p>\n<p>La Divisi\u00f3n de Ciencias Sociales y Humanidades de la UAM-Iztapalapa ofrece 11 planes de estudio a nivel licenciatura: <strong>Administraci\u00f3n, Antropolog\u00eda Social, Ciencia Pol\u00edtica, Econom\u00eda, Filosof\u00eda, Geograf\u00eda Humana, Historia, Letras Hisp\u00e1nicas, Ling\u00fc\u00edstica, Psicolog\u00eda Social y Sociolog\u00eda.<\/strong>&nbsp;<\/p>\n<p>Complementando esta oferta, la divisi\u00f3n tambi\u00e9n dispone de siete programas de posgrado: <strong>Posgrado Integral en Ciencias Administrativas, Posgrado en Ciencias Antropol\u00f3gicas, Posgrado en Ciencias Econ\u00f3micas, Posgrado en Estudios Organizacionales, Posgrado en Estudios Sociales, Posgrado en Humanidades y Posgrado en Psicolog\u00eda Social. <\/strong><\/p>\t\t\t\t\t\t\t\t<\/div>\n\t\t\t\t<\/div>\n\t\t\t\t<\/div>\n\t\t<div class=\"elementor-element elementor-element-0edbe79 e-con-full e-flex e-con e-child\" data-id=\"0edbe79\" data-element_type=\"container\" data-e-type=\"container\">\n\t\t\t\t<div class=\"elementor-element elementor-element-437a132 elementor-widget elementor-widget-image\" data-id=\"437a132\" data-element_type=\"widget\" data-e-type=\"widget\" data-widget_type=\"image.default\">\n\t\t\t\t<div class=\"elementor-widget-container\">\n\t\t\t\t\t\t\t\t\t\t\t\t\t\t\t<img fetchpriority=\"high\" decoding=\"async\" width=\"768\" height=\"576\" src=\"https:\/\/divcsh.izt.uam.mx\/dcsh\/wp-content\/uploads\/2023\/10\/IMG_20210128_133911802_HDR-scaled-1-768x576.jpg\" class=\"attachment-medium_large size-medium_large wp-image-3076\" alt=\"\" srcset=\"https:\/\/divcsh.izt.uam.mx\/dcsh\/wp-content\/uploads\/2023\/10\/IMG_20210128_133911802_HDR-scaled-1-768x576.jpg 768w, https:\/\/divcsh.izt.uam.mx\/dcsh\/wp-content\/uploads\/2023\/10\/IMG_20210128_133911802_HDR-scaled-1-300x225.jpg 300w, https:\/\/divcsh.izt.uam.mx\/dcsh\/wp-content\/uploads\/2023\/10\/IMG_20210128_133911802_HDR-scaled-1-1024x768.jpg 1024w, https:\/\/divcsh.izt.uam.mx\/dcsh\/wp-content\/uploads\/2023\/10\/IMG_20210128_133911802_HDR-scaled-1-1536x1152.jpg 1536w, https:\/\/divcsh.izt.uam.mx\/dcsh\/wp-content\/uploads\/2023\/10\/IMG_20210128_133911802_HDR-scaled-1-2048x1536.jpg 2048w\" sizes=\"(max-width: 768px) 100vw, 768px\" \/>\t\t\t\t\t\t\t\t\t\t\t\t\t\t\t<\/div>\n\t\t\t\t<\/div>\n\t\t\t\t<\/div>\n\t\t\t\t\t<\/div>\n\t\t\t\t<\/div>\n\t\t<div class=\"elementor-element elementor-element-06432c3 e-flex e-con-boxed e-con e-parent\" data-id=\"06432c3\" data-element_type=\"container\" data-e-type=\"container\">\n\t\t\t\t\t<div class=\"e-con-inner\">\n\t\t<div class=\"elementor-element elementor-element-b3b0b23 e-con-full e-flex e-con e-child\" data-id=\"b3b0b23\" data-element_type=\"container\" data-e-type=\"container\">\n\t\t\t\t<div class=\"elementor-element elementor-element-7c7f910 elementor-widget elementor-widget-image\" data-id=\"7c7f910\" data-element_type=\"widget\" data-e-type=\"widget\" data-widget_type=\"image.default\">\n\t\t\t\t<div class=\"elementor-widget-container\">\n\t\t\t\t\t\t\t\t\t\t\t\t\t\t\t<img decoding=\"async\" width=\"768\" height=\"373\" src=\"https:\/\/divcsh.izt.uam.mx\/dcsh\/wp-content\/uploads\/2024\/10\/Recurso-1-1-768x373.png\" class=\"attachment-medium_large size-medium_large wp-image-9179\" alt=\"\" srcset=\"https:\/\/divcsh.izt.uam.mx\/dcsh\/wp-content\/uploads\/2024\/10\/Recurso-1-1-768x373.png 768w, https:\/\/divcsh.izt.uam.mx\/dcsh\/wp-content\/uploads\/2024\/10\/Recurso-1-1-300x146.png 300w, https:\/\/divcsh.izt.uam.mx\/dcsh\/wp-content\/uploads\/2024\/10\/Recurso-1-1-1024x497.png 1024w, https:\/\/divcsh.izt.uam.mx\/dcsh\/wp-content\/uploads\/2024\/10\/Recurso-1-1-1536x745.png 1536w, https:\/\/divcsh.izt.uam.mx\/dcsh\/wp-content\/uploads\/2024\/10\/Recurso-1-1-2048x994.png 2048w\" sizes=\"(max-width: 768px) 100vw, 768px\" \/>\t\t\t\t\t\t\t\t\t\t\t\t\t\t\t<\/div>\n\t\t\t\t<\/div>\n\t\t\t\t<\/div>\n\t\t<div class=\"elementor-element elementor-element-c37db8e e-con-full e-flex e-con e-child\" data-id=\"c37db8e\" data-element_type=\"container\" data-e-type=\"container\">\n\t\t\t\t<div class=\"elementor-element elementor-element-99c06aa elementor-widget elementor-widget-text-editor\" data-id=\"99c06aa\" data-element_type=\"widget\" data-e-type=\"widget\" data-widget_type=\"text-editor.default\">\n\t\t\t\t<div class=\"elementor-widget-container\">\n\t\t\t\t\t\t\t\t\t<p>A lo largo de los a\u00f1os, nuestra Divisi\u00f3n ha crecido y evolucionado, adapt\u00e1ndose a los cambios y demandas de la sociedad. Hemos ampliado nuestras l\u00edneas de investigaci\u00f3n, incorporado nuevas tecnolog\u00edas y metodolog\u00edas, adem\u00e1s de establecer v\u00ednculos con diversas instituciones acad\u00e9micas y de investigaci\u00f3n tanto a nivel nacional como internacional.<\/p><p>Nuestra Divisi\u00f3n cuenta con cuatro departamentos:<\/p><ul><li><a href=\"https:\/\/divcsh.izt.uam.mx\/depto_antropologia\/\"><strong>Antropolog\u00eda<\/strong><\/a><\/li><li><a href=\"https:\/\/divcsh.izt.uam.mx\/depto_economia\/\"><strong>Econom\u00eda<\/strong><\/a><\/li><li><a href=\"https:\/\/divcsh.izt.uam.mx\/depto_filosofia\/\"><strong>Filosof\u00eda<\/strong><\/a><\/li><li><a href=\"https:\/\/divcsh.izt.uam.mx\/depto_sociologia\/\"><strong>Sociolog\u00eda<\/strong><\/a><\/li><\/ul>\t\t\t\t\t\t\t\t<\/div>\n\t\t\t\t<\/div>\n\t\t\t\t<\/div>\n\t\t\t\t\t<\/div>\n\t\t\t\t<\/div>\n\t\t<div class=\"elementor-element elementor-element-a105a57 e-flex e-con-boxed e-con e-parent\" data-id=\"a105a57\" data-element_type=\"container\" data-e-type=\"container\">\n\t\t\t\t\t<div class=\"e-con-inner\">\n\t\t\t\t<div class=\"elementor-element elementor-element-1d16d37 elementor-widget elementor-widget-text-editor\" data-id=\"1d16d37\" data-element_type=\"widget\" data-e-type=\"widget\" data-widget_type=\"text-editor.default\">\n\t\t\t\t<div class=\"elementor-widget-container\">\n\t\t\t\t\t\t\t\t\t<p>Dentro de estos departamentos se ubican las \u00e1reas de investigaci\u00f3n y los cuerpos acad\u00e9micos. Cada uno de ellos est\u00e1 conformado por acad\u00e9micos cuyo perfil es el de Profesor-Investigador. Estos acad\u00e9micos realizan actividades de investigaci\u00f3n alrededor de l\u00edneas comunes, participan en docencia a nivel de licenciatura y posgrado en \u00e1reas de su competencia, y colaboran entre s\u00ed y con pares externos a la UAM-I a trav\u00e9s de redes interinstitucionales, nacionales e internacionales. Este modelo departamental consolida el v\u00ednculo entre la docencia e investigaci\u00f3n, incorpora la perspectiva de la investigaci\u00f3n en la formaci\u00f3n de los alumnos, alienta formas de organizaci\u00f3n disciplinaria e interdisciplinaria y da lugar a la diversificaci\u00f3n de la oferta acad\u00e9mica de la DCSH.<\/p><p>En los cuatro departamentos, existen actualmente 42 cuerpos acad\u00e9micos que se han consolidado en los \u00faltimos a\u00f1os, as\u00ed como 28 \u00e1reas de investigaci\u00f3n. Este trabajo colectivo se caracteriza por resultados acad\u00e9micos relevantes en investigaci\u00f3n a diferentes niveles y por el incremento significativo de sus indicadores de capacidad acad\u00e9mica, lo que le permite a la DCSH ser una Divisi\u00f3n con el m\u00e1s alto potencial acad\u00e9mico a nivel nacional en las disciplinas que se desarrollan en ella.<\/p><p>Nuestros acad\u00e9micos colaboran estrechamente entre s\u00ed y con colegas de otras instituciones, tanto a nivel nacional como internacional, a trav\u00e9s de redes interinstitucionales. Esta colaboraci\u00f3n facilita el desarrollo de sus actividades acad\u00e9micas y promueve la difusi\u00f3n de los resultados de sus investigaciones.<\/p>\t\t\t\t\t\t\t\t<\/div>\n\t\t\t\t<\/div>\n\t\t\t\t\t<\/div>\n\t\t\t\t<\/div>\n\t\t<div class=\"elementor-element elementor-element-57e01ff e-flex e-con-boxed e-con e-parent\" data-id=\"57e01ff\" data-element_type=\"container\" data-e-type=\"container\">\n\t\t\t\t\t<div class=\"e-con-inner\">\n\t\t<div class=\"elementor-element elementor-element-f12aa9b e-con-full e-flex e-con e-child\" data-id=\"f12aa9b\" data-element_type=\"container\" data-e-type=\"container\">\n\t\t\t\t<div class=\"elementor-element elementor-element-e5f0c88 elementor-view-default elementor-widget elementor-widget-icon\" data-id=\"e5f0c88\" data-element_type=\"widget\" data-e-type=\"widget\" data-widget_type=\"icon.default\">\n\t\t\t\t<div class=\"elementor-widget-container\">\n\t\t\t\t\t\t\t<div class=\"elementor-icon-wrapper\">\n\t\t\t<div class=\"elementor-icon\">\n\t\t\t<i aria-hidden=\"true\" class=\"fas fa-user-tie\"><\/i>\t\t\t<\/div>\n\t\t<\/div>\n\t\t\t\t\t\t<\/div>\n\t\t\t\t<\/div>\n\t\t\t\t<div class=\"elementor-element elementor-element-63ff7fa elementor-widget elementor-widget-eael-creative-button\" data-id=\"63ff7fa\" data-element_type=\"widget\" data-e-type=\"widget\" data-widget_type=\"eael-creative-button.default\">\n\t\t\t\t<div class=\"elementor-widget-container\">\n\t\t\t\t\t        <div class=\"eael-creative-button-wrapper\">\n\n            <a class=\"eael-creative-button eael-creative-button--winona\" href=\"https:\/\/divcsh.izt.uam.mx\/dcsh\/index.php\/direccion\/\" data-text=\"Leer m\u00e1s...\">\n            \t    \n                <div class=\"creative-button-inner\">\n\n                    \n                    <span class=\"cretive-button-text\">Directora de la Divisi\u00f3n<\/span>\n\n                                    <\/div>\n\t                        <\/a>\n        <\/div>\n        \t\t\t\t<\/div>\n\t\t\t\t<\/div>\n\t\t\t\t<\/div>\n\t\t<div class=\"elementor-element elementor-element-ea33769 e-con-full e-flex e-con e-child\" data-id=\"ea33769\" data-element_type=\"container\" data-e-type=\"container\">\n\t\t\t\t<div class=\"elementor-element elementor-element-9479b15 elementor-view-default elementor-widget elementor-widget-icon\" data-id=\"9479b15\" data-element_type=\"widget\" data-e-type=\"widget\" data-widget_type=\"icon.default\">\n\t\t\t\t<div class=\"elementor-widget-container\">\n\t\t\t\t\t\t\t<div class=\"elementor-icon-wrapper\">\n\t\t\t<div class=\"elementor-icon\">\n\t\t\t<i aria-hidden=\"true\" class=\"fas fa-users\"><\/i>\t\t\t<\/div>\n\t\t<\/div>\n\t\t\t\t\t\t<\/div>\n\t\t\t\t<\/div>\n\t\t\t\t<div class=\"elementor-element elementor-element-641e78f elementor-widget elementor-widget-eael-creative-button\" data-id=\"641e78f\" data-element_type=\"widget\" data-e-type=\"widget\" data-widget_type=\"eael-creative-button.default\">\n\t\t\t\t<div class=\"elementor-widget-container\">\n\t\t\t\t\t        <div class=\"eael-creative-button-wrapper\">\n\n            <a class=\"eael-creative-button eael-creative-button--winona\" href=\"https:\/\/divcsh.izt.uam.mx\/dcsh\/index.php\/directorio-csh-2\/\" data-text=\"Con\u00f3cenos\">\n            \t    \n                <div class=\"creative-button-inner\">\n\n                    \n                    <span class=\"cretive-button-text\">Directorio General<\/span>\n\n                                    <\/div>\n\t                        <\/a>\n        <\/div>\n        \t\t\t\t<\/div>\n\t\t\t\t<\/div>\n\t\t\t\t<\/div>\n\t\t\t\t\t<\/div>\n\t\t\t\t<\/div>\n\t\t<div class=\"elementor-element elementor-element-cfb3b04 e-flex e-con-boxed e-con e-parent\" data-id=\"cfb3b04\" data-element_type=\"container\" data-e-type=\"container\">\n\t\t\t\t\t<div class=\"e-con-inner\">\n\t\t\t\t<div class=\"elementor-element elementor-element-593f633 elementor-widget elementor-widget-spacer\" data-id=\"593f633\" data-element_type=\"widget\" data-e-type=\"widget\" data-widget_type=\"spacer.default\">\n\t\t\t\t<div class=\"elementor-widget-container\">\n\t\t\t\t\t\t\t<div class=\"elementor-spacer\">\n\t\t\t<div class=\"elementor-spacer-inner\"><\/div>\n\t\t<\/div>\n\t\t\t\t\t\t<\/div>\n\t\t\t\t<\/div>\n\t\t\t\t\t<\/div>\n\t\t\t\t<\/div>\n\t\t\t\t<\/div>\n\t\t","protected":false},"excerpt":{"rendered":"<p>Divisi\u00f3n de Ciencias Sociales y Humanidades La Divisi\u00f3n de Ciencias Sociales y Humanidades, inici\u00f3 sus actividades en 1974, a\u00f1o de creaci\u00f3n de la UAM-I;&nbsp;con el objetivo de promover el conocimiento y la investigaci\u00f3n en \u00e1reas fundamentales para el entendimiento de la sociedad y la cultura. El Dr. Luis Villoro Toranzo,&nbsp; tuvo a su cargo la [&hellip;]<\/p>\n","protected":false},"author":12,"featured_media":0,"parent":0,"menu_order":0,"comment_status":"closed","ping_status":"closed","template":"","meta":{"footnotes":""},"class_list":["post-7403","page","type-page","status-publish","hentry"],"blocksy_meta":{"page_title_panel":"","has_hero_section":"disabled","5b8f58a7d00eebcdf1b39e107f27565c":"","hero_section":"type-1","hero_elements":[{"id":"custom_title","enabled":true,"heading_tag":"h1","title":"Home"},{"id":"custom_description","enabled":true,"description_visibility":{"desktop":true,"tablet":true,"mobile":false}},{"id":"custom_meta","enabled":false,"meta_elements":[{"id":"author","enabled":true,"label":"By","has_author_avatar":"yes","avatar_size":25},{"id":"post_date","enabled":true,"label":"On","date_format_source":"default","date_format":"M j, Y"},{"id":"updated_date","enabled":false,"label":"On","date_format_source":"default","date_format":"M j, Y"},{"id":"categories","enabled":false,"label":"In","style":"simple"},{"id":"comments","enabled":true}],"page_meta_elements":{"joined":true,"articles_count":true,"comments":true}},{"id":"breadcrumbs","enabled":false}],"6a780d8358f7749d3209388f5cf3e102":"","hero_alignment1":"CT_CSS_SKIP_RULE","hero_margin":40,"hero_alignment2":"center","hero_vertical_alignment":"center","aeb7fc5c37df6ce32c2652800b590b75":"","hero_structure":"narrow","31c480dffc4e8ad0042320fa1dc69be3":"","page_title_bg_type":"featured_image","custom_hero_background":{"attachment_id":null},"page_title_image_size":"full","parallax":{"desktop":false,"tablet":false,"mobile":false},"430ab52900e1df34ff50e650d97dabde":"","hero_height":"250px","pageTitleFont":{"family":"Default","variation":"Default","size":"30px","line-height":"CT_CSS_SKIP_RULE","letter-spacing":"CT_CSS_SKIP_RULE","text-transform":"CT_CSS_SKIP_RULE","text-decoration":"CT_CSS_SKIP_RULE"},"pageTitleFontColor":{"default":{"color":"CT_CSS_SKIP_RULEDEFAULT"}},"pageMetaFont":{"family":"Default","variation":"n6","size":"12px","line-height":"1.3","letter-spacing":"CT_CSS_SKIP_RULE","text-transform":"uppercase","text-decoration":"CT_CSS_SKIP_RULE"},"pageMetaFontColor":{"default":{"color":"CT_CSS_SKIP_RULEDEFAULT"},"hover":{"color":"CT_CSS_SKIP_RULEDEFAULT"}},"page_meta_button_type_font_colors":{"default":{"color":"CT_CSS_SKIP_RULEDEFAULT"},"hover":{"color":"CT_CSS_SKIP_RULEDEFAULT"}},"page_meta_button_type_background_colors":{"default":{"color":"CT_CSS_SKIP_RULEDEFAULT"},"hover":{"color":"CT_CSS_SKIP_RULEDEFAULT"}},"pageExcerptFont":{"family":"Default","variation":"Default","size":"CT_CSS_SKIP_RULE","line-height":"CT_CSS_SKIP_RULE","letter-spacing":"CT_CSS_SKIP_RULE","text-transform":"CT_CSS_SKIP_RULE","text-decoration":"CT_CSS_SKIP_RULE"},"pageExcerptColor":{"default":{"color":"CT_CSS_SKIP_RULEDEFAULT"}},"breadcrumbsFont":{"family":"Default","variation":"Default","size":"CT_CSS_SKIP_RULE","line-height":"CT_CSS_SKIP_RULE","letter-spacing":"CT_CSS_SKIP_RULE","text-transform":"CT_CSS_SKIP_RULE","text-decoration":"CT_CSS_SKIP_RULE"},"breadcrumbsFontColor":{"default":{"color":"CT_CSS_SKIP_RULEDEFAULT"},"initial":{"color":"CT_CSS_SKIP_RULEDEFAULT"},"hover":{"color":"CT_CSS_SKIP_RULEDEFAULT"}},"pageTitleOverlay":{"background_type":"color","background_pattern":"type-1","background_image":{"attachment_id":null,"x":0,"y":0},"gradient":"linear-gradient(135deg,rgba(6,147,227,1) 0%,rgb(155,81,224) 100%)","background_repeat":"repeat","background_size":"auto","background_attachment":"scroll","patternColor":{"default":{"color":"#e5e7ea"}},"overlayColor":{"default":{"color":"CT_CSS_SKIP_RULE"}},"backgroundColor":{"default":{"color":"CT_CSS_SKIP_RULE"}}},"pageTitleBackground":{"background_type":"color","background_pattern":"type-1","background_image":{"attachment_id":null,"x":0,"y":0},"gradient":"linear-gradient(135deg,rgba(6,147,227,1) 0%,rgb(155,81,224) 100%)","background_repeat":"repeat","background_size":"auto","background_attachment":"scroll","patternColor":{"default":{"color":"#e5e7ea"}},"overlayColor":{"default":{"color":"CT_CSS_SKIP_RULE"}},"backgroundColor":{"default":{"color":"var(--theme-palette-color-6)"}}},"pageTitlePadding":{"top":"50px","bottom":"50px","left":"auto","right":"auto","linked":true},"08b9461e259b714af1e430503c5721ef":"","page_structure_type":"default","46064d3b3b7967c5221e0131bbac5d0b":"","content_style_source":"inherit","content_style":"wide","vertical_spacing_source":"custom","content_area_spacing":"none","background":{"background_type":"color","background_pattern":"type-1","background_image":{"attachment_id":null,"x":0,"y":0},"gradient":"linear-gradient(135deg,rgba(6,147,227,1) 0%,rgb(155,81,224) 100%)","background_repeat":"repeat","background_size":"auto","background_attachment":"scroll","patternColor":{"default":{"color":"#e5e7ea"}},"overlayColor":{"default":{"color":"CT_CSS_SKIP_RULE"}},"backgroundColor":{"default":{"color":"CT_CSS_SKIP_RULE"}}},"content_background":{"background_type":"color","background_pattern":"type-1","background_image":{"attachment_id":null,"x":0,"y":0},"gradient":"linear-gradient(135deg,rgba(6,147,227,1) 0%,rgb(155,81,224) 100%)","background_repeat":"repeat","background_size":"auto","background_attachment":"scroll","patternColor":{"default":{"color":"#e5e7ea"}},"overlayColor":{"default":{"color":"CT_CSS_SKIP_RULE"}},"backgroundColor":{"default":{"color":"var(--theme-palette-color-8)"}}},"content_boxed_shadow":{"inherit":false,"blur":18,"spread":-6,"v_offset":12,"h_offset":0,"inset":false,"enable":true,"color":{"color":"rgba(34, 56, 101, 0.04)"}},"content_boxed_border":{"width":1,"style":"none","color":{"color":"rgba(44,62,80,0.2)"}},"content_boxed_radius":{"top":"3px","bottom":"3px","left":"3px","right":"3px","linked":true},"boxed_content_spacing":{"desktop":{"top":"40px","bottom":"40px","left":"40px","right":"40px","linked":true},"tablet":{"top":"35px","bottom":"35px","left":"35px","right":"35px","linked":true},"mobile":{"top":"20px","bottom":"20px","left":"20px","right":"20px","linked":true}},"376b97430f937d3717273866b6ec31d5":"","disable_featured_image":"no","disable_share_box":"no","disable_header":"no","disable_footer":"no","styles_descriptor":{"styles":{"desktop":"","tablet":"","mobile":""},"google_fonts":[],"version":6}},"_links":{"self":[{"href":"https:\/\/divcsh.izt.uam.mx\/dcsh\/index.php\/wp-json\/wp\/v2\/pages\/7403","targetHints":{"allow":["GET"]}}],"collection":[{"href":"https:\/\/divcsh.izt.uam.mx\/dcsh\/index.php\/wp-json\/wp\/v2\/pages"}],"about":[{"href":"https:\/\/divcsh.izt.uam.mx\/dcsh\/index.php\/wp-json\/wp\/v2\/types\/page"}],"author":[{"embeddable":true,"href":"https:\/\/divcsh.izt.uam.mx\/dcsh\/index.php\/wp-json\/wp\/v2\/users\/12"}],"replies":[{"embeddable":true,"href":"https:\/\/divcsh.izt.uam.mx\/dcsh\/index.php\/wp-json\/wp\/v2\/comments?post=7403"}],"version-history":[{"count":0,"href":"https:\/\/divcsh.izt.uam.mx\/dcsh\/index.php\/wp-json\/wp\/v2\/pages\/7403\/revisions"}],"wp:attachment":[{"href":"https:\/\/divcsh.izt.uam.mx\/dcsh\/index.php\/wp-json\/wp\/v2\/media?parent=7403"}],"curies":[{"name":"wp","href":"https:\/\/api.w.org\/{rel}","templated":true}]}}