{"id":7221,"date":"2024-11-07T14:00:46","date_gmt":"2024-11-07T20:00:46","guid":{"rendered":"https:\/\/divcsh.izt.uam.mx\/depto_antropologia\/?page_id=7221"},"modified":"2024-11-07T14:03:28","modified_gmt":"2024-11-07T20:03:28","slug":"estefania-mondragon-lona-copy","status":"publish","type":"page","link":"https:\/\/divcsh.izt.uam.mx\/depto_antropologia\/?page_id=7221","title":{"rendered":"Jes\u00fas Garc\u00eda Ch\u00e1vez"},"content":{"rendered":"\t\t<div data-elementor-type=\"wp-page\" data-elementor-id=\"7221\" class=\"elementor elementor-7221\" data-elementor-post-type=\"page\">\n\t\t\t\t\t\t<section class=\"elementor-section elementor-top-section elementor-element elementor-element-349754e elementor-section-boxed elementor-section-height-default elementor-section-height-default\" data-id=\"349754e\" data-element_type=\"section\" data-e-type=\"section\">\n\t\t\t\t\t\t<div class=\"elementor-container elementor-column-gap-default\">\n\t\t\t\t\t<div class=\"elementor-column elementor-col-100 elementor-top-column elementor-element elementor-element-bead85b\" data-id=\"bead85b\" data-element_type=\"column\" data-e-type=\"column\">\n\t\t\t<div class=\"elementor-widget-wrap elementor-element-populated\">\n\t\t\t\t\t\t<div class=\"elementor-element elementor-element-815153f elementor-widget elementor-widget-image\" data-id=\"815153f\" data-element_type=\"widget\" data-e-type=\"widget\" data-widget_type=\"image.default\">\n\t\t\t\t<div class=\"elementor-widget-container\">\n\t\t\t\t\t\t\t\t\t\t\t\t\t\t\t<img fetchpriority=\"high\" decoding=\"async\" width=\"200\" height=\"300\" src=\"https:\/\/divcsh.izt.uam.mx\/depto_antropologia\/wp-content\/uploads\/2024\/09\/IMG_9834-200x300.jpg\" class=\"attachment-medium size-medium wp-image-6977\" alt=\"\" srcset=\"https:\/\/divcsh.izt.uam.mx\/depto_antropologia\/wp-content\/uploads\/2024\/09\/IMG_9834-200x300.jpg 200w, https:\/\/divcsh.izt.uam.mx\/depto_antropologia\/wp-content\/uploads\/2024\/09\/IMG_9834-683x1024.jpg 683w, https:\/\/divcsh.izt.uam.mx\/depto_antropologia\/wp-content\/uploads\/2024\/09\/IMG_9834-768x1152.jpg 768w, https:\/\/divcsh.izt.uam.mx\/depto_antropologia\/wp-content\/uploads\/2024\/09\/IMG_9834-1024x1536.jpg 1024w, https:\/\/divcsh.izt.uam.mx\/depto_antropologia\/wp-content\/uploads\/2024\/09\/IMG_9834-1365x2048.jpg 1365w, https:\/\/divcsh.izt.uam.mx\/depto_antropologia\/wp-content\/uploads\/2024\/09\/IMG_9834-scaled.jpg 1707w\" sizes=\"(max-width: 200px) 100vw, 200px\" \/>\t\t\t\t\t\t\t\t\t\t\t\t\t\t\t<\/div>\n\t\t\t\t<\/div>\n\t\t\t\t\t<\/div>\n\t\t<\/div>\n\t\t\t\t\t<\/div>\n\t\t<\/section>\n\t\t\t\t<section class=\"elementor-section elementor-top-section elementor-element elementor-element-5b20c715 elementor-section-boxed elementor-section-height-default elementor-section-height-default\" data-id=\"5b20c715\" data-element_type=\"section\" data-e-type=\"section\">\n\t\t\t\t\t\t<div class=\"elementor-container elementor-column-gap-default\">\n\t\t\t\t\t<div class=\"elementor-column elementor-col-100 elementor-top-column elementor-element elementor-element-64fa6c5e\" data-id=\"64fa6c5e\" data-element_type=\"column\" data-e-type=\"column\">\n\t\t\t<div class=\"elementor-widget-wrap elementor-element-populated\">\n\t\t\t\t\t\t<div class=\"elementor-element elementor-element-74e90396 elementor-widget elementor-widget-text-editor\" data-id=\"74e90396\" data-element_type=\"widget\" data-e-type=\"widget\" data-widget_type=\"text-editor.default\">\n\t\t\t\t<div class=\"elementor-widget-container\">\n\t\t\t\t\t\t\t\t\t<h6><span style=\"font-weight: normal;\">Gestor y Asesor T\u00e9cnico de la Coordinaci\u00f3n del Posgrado virtual en Pol\u00edticas Culturales y Gesti\u00f3n Cultural y del Diplomado Virtual en Pol\u00edticas y Desarrollo Cultural.<br \/><\/span><span style=\"font-weight: normal;\">Licenciado en Antropolog\u00eda social por la UAM-I<br \/><\/span><span style=\"font-weight: normal;\">Especialidad en Pol\u00edticas culturales y Gesti\u00f3n Cultural Por la UAM-I<br \/><\/span><span style=\"font-weight: normal;\">Consultor independiente en investigaci\u00f3n de campo.<\/span><\/h6>\t\t\t\t\t\t\t\t<\/div>\n\t\t\t\t<\/div>\n\t\t\t\t\t<\/div>\n\t\t<\/div>\n\t\t\t\t\t<\/div>\n\t\t<\/section>\n\t\t\t\t<\/div>\n\t\t","protected":false},"excerpt":{"rendered":"<p>Gestor y Asesor T\u00e9cnico de la Coordinaci\u00f3n del Posgrado virtual en Pol\u00edticas Culturales y Gesti\u00f3n Cultural y del Diplomado Virtual en Pol\u00edticas y Desarrollo Cultural.Licenciado en Antropolog\u00eda social por la UAM-IEspecialidad en Pol\u00edticas culturales y Gesti\u00f3n Cultural Por la UAM-IConsultor independiente en investigaci\u00f3n de campo.<\/p>\n","protected":false},"author":17,"featured_media":0,"parent":2630,"menu_order":0,"comment_status":"closed","ping_status":"closed","template":"","meta":{"footnotes":""},"class_list":["post-7221","page","type-page","status-publish","hentry"],"blocksy_meta":{"styles_descriptor":{"styles":{"desktop":"","tablet":"","mobile":""},"google_fonts":[],"version":7}},"_links":{"self":[{"href":"https:\/\/divcsh.izt.uam.mx\/depto_antropologia\/index.php?rest_route=\/wp\/v2\/pages\/7221","targetHints":{"allow":["GET"]}}],"collection":[{"href":"https:\/\/divcsh.izt.uam.mx\/depto_antropologia\/index.php?rest_route=\/wp\/v2\/pages"}],"about":[{"href":"https:\/\/divcsh.izt.uam.mx\/depto_antropologia\/index.php?rest_route=\/wp\/v2\/types\/page"}],"author":[{"embeddable":true,"href":"https:\/\/divcsh.izt.uam.mx\/depto_antropologia\/index.php?rest_route=\/wp\/v2\/users\/17"}],"replies":[{"embeddable":true,"href":"https:\/\/divcsh.izt.uam.mx\/depto_antropologia\/index.php?rest_route=%2Fwp%2Fv2%2Fcomments&post=7221"}],"version-history":[{"count":0,"href":"https:\/\/divcsh.izt.uam.mx\/depto_antropologia\/index.php?rest_route=\/wp\/v2\/pages\/7221\/revisions"}],"up":[{"embeddable":true,"href":"https:\/\/divcsh.izt.uam.mx\/depto_antropologia\/index.php?rest_route=\/wp\/v2\/pages\/2630"}],"wp:attachment":[{"href":"https:\/\/divcsh.izt.uam.mx\/depto_antropologia\/index.php?rest_route=%2Fwp%2Fv2%2Fmedia&parent=7221"}],"curies":[{"name":"wp","href":"https:\/\/api.w.org\/{rel}","templated":true}]}}

Jesús García Chávez

<div data-elementor-type="wp-page" data-elementor-id="7221" class="elementor elementor-7221" data-elementor-post-type="page">
						<section class="elementor-section elementor-top-section elementor-element elementor-element-349754e elementor-section-boxed elementor-section-height-default elementor-section-height-default" data-id="349754e" data-element_type="section" data-e-type="section">
						<div class="elementor-container elementor-column-gap-default">
					<div class="elementor-column elementor-col-100 elementor-top-column elementor-element elementor-element-bead85b" data-id="bead85b" data-element_type="column" data-e-type="column">
			<div class="elementor-widget-wrap elementor-element-populated">
						<div class="elementor-element elementor-element-815153f elementor-widget elementor-widget-image" data-id="815153f" data-element_type="widget" data-e-type="widget" data-widget_type="image.default">
				<div class="elementor-widget-container">
															<img fetchpriority="high" decoding="async" width="200" height="300" src="https://divcsh.izt.uam.mx/depto_antropologia/wp-content/uploads/2024/09/IMG_9834-200x300.jpg" class="attachment-medium size-medium wp-image-6977" alt="" srcset="https://divcsh.izt.uam.mx/depto_antropologia/wp-content/uploads/2024/09/IMG_9834-200x300.jpg 200w, https://divcsh.izt.uam.mx/depto_antropologia/wp-content/uploads/2024/09/IMG_9834-683x1024.jpg 683w, https://divcsh.izt.uam.mx/depto_antropologia/wp-content/uploads/2024/09/IMG_9834-768x1152.jpg 768w, https://divcsh.izt.uam.mx/depto_antropologia/wp-content/uploads/2024/09/IMG_9834-1024x1536.jpg 1024w, https://divcsh.izt.uam.mx/depto_antropologia/wp-content/uploads/2024/09/IMG_9834-1365x2048.jpg 1365w, https://divcsh.izt.uam.mx/depto_antropologia/wp-content/uploads/2024/09/IMG_9834-scaled.jpg 1707w" sizes="(max-width: 200px) 100vw, 200px" />															</div>
				</div>
					</div>
		</div>
					</div>
		</section>
				<section class="elementor-section elementor-top-section elementor-element elementor-element-5b20c715 elementor-section-boxed elementor-section-height-default elementor-section-height-default" data-id="5b20c715" data-element_type="section" data-e-type="section">
						<div class="elementor-container elementor-column-gap-default">
					<div class="elementor-column elementor-col-100 elementor-top-column elementor-element elementor-element-64fa6c5e" data-id="64fa6c5e" data-element_type="column" data-e-type="column">
			<div class="elementor-widget-wrap elementor-element-populated">
						<div class="elementor-element elementor-element-74e90396 elementor-widget elementor-widget-text-editor" data-id="74e90396" data-element_type="widget" data-e-type="widget" data-widget_type="text-editor.default">
				<div class="elementor-widget-container">
									<h6><span style="font-weight: normal;">Gestor y Asesor Técnico de la Coordinación del Posgrado virtual en Políticas Culturales y Gestión Cultural y del Diplomado Virtual en Políticas y Desarrollo Cultural.<br /></span><span style="font-weight: normal;">Licenciado en Antropología social por la UAM-I<br /></span><span style="font-weight: normal;">Especialidad en Políticas culturales y Gestión Cultural Por la UAM-I<br /></span><span style="font-weight: normal;">Consultor independiente en investigación de campo.</span></h6>								</div>
				</div>
					</div>
		</div>
					</div>
		</section>
				</div>

<p>Gestor y Asesor Técnico de la Coordinación del Posgrado virtual en Políticas Culturales y Gestión Cultural y del Diplomado Virtual en Políticas y Desarrollo Cultural.Licenciado en Antropología social por la UAM-IEspecialidad en Políticas culturales y Gestión Cultural Por la UAM-IConsultor independiente en investigación de campo.</p>
