{"id":2440,"date":"2025-01-10T06:24:37","date_gmt":"2025-01-10T05:24:37","guid":{"rendered":"https:\/\/divcsh.izt.uam.mx\/depto_filosofia\/?page_id=2440"},"modified":"2026-03-06T13:20:37","modified_gmt":"2026-03-06T19:20:37","slug":"letras-hispanicas","status":"publish","type":"page","link":"https:\/\/divcsh.izt.uam.mx\/depto_filosofia\/index.php\/letras-hispanicas\/","title":{"rendered":"Letras Hisp\u00e1nicas"},"content":{"rendered":"\t\t<div data-elementor-type=\"wp-page\" data-elementor-id=\"2440\" class=\"elementor elementor-2440\" data-elementor-post-type=\"page\">\n\t\t\t\t<div class=\"elementor-element elementor-element-7305a11 e-con-full e-flex e-con e-parent\" data-id=\"7305a11\" data-element_type=\"container\" data-e-type=\"container\">\n\t\t\t\t<div class=\"elementor-element elementor-element-831b77b elementor-widget elementor-widget-image\" data-id=\"831b77b\" data-element_type=\"widget\" data-e-type=\"widget\" data-widget_type=\"image.default\">\n\t\t\t\t\t\t\t\t\t\t\t\t\t\t\t<img fetchpriority=\"high\" decoding=\"async\" width=\"2880\" height=\"624\" src=\"https:\/\/divcsh.izt.uam.mx\/depto_filosofia\/wp-content\/uploads\/2025\/01\/Licenciatura_en_letras_hispanicas.png\" class=\"attachment-full size-full wp-image-2956\" alt=\"\" srcset=\"https:\/\/divcsh.izt.uam.mx\/depto_filosofia\/wp-content\/uploads\/2025\/01\/Licenciatura_en_letras_hispanicas.png 2880w, https:\/\/divcsh.izt.uam.mx\/depto_filosofia\/wp-content\/uploads\/2025\/01\/Licenciatura_en_letras_hispanicas-300x65.png 300w, https:\/\/divcsh.izt.uam.mx\/depto_filosofia\/wp-content\/uploads\/2025\/01\/Licenciatura_en_letras_hispanicas-1024x222.png 1024w, https:\/\/divcsh.izt.uam.mx\/depto_filosofia\/wp-content\/uploads\/2025\/01\/Licenciatura_en_letras_hispanicas-768x166.png 768w, https:\/\/divcsh.izt.uam.mx\/depto_filosofia\/wp-content\/uploads\/2025\/01\/Licenciatura_en_letras_hispanicas-1536x333.png 1536w, https:\/\/divcsh.izt.uam.mx\/depto_filosofia\/wp-content\/uploads\/2025\/01\/Licenciatura_en_letras_hispanicas-2048x444.png 2048w\" sizes=\"(max-width: 2880px) 100vw, 2880px\" \/>\t\t\t\t\t\t\t\t\t\t\t\t\t\t\t<\/div>\n\t\t\t\t<\/div>\n\t\t<div class=\"elementor-element elementor-element-3088cc5 e-flex e-con-boxed e-con e-parent\" data-id=\"3088cc5\" data-element_type=\"container\" data-e-type=\"container\">\n\t\t\t\t\t<div class=\"e-con-inner\">\n\t\t<div class=\"elementor-element elementor-element-91dcf3d e-con-full e-flex e-con e-child\" data-id=\"91dcf3d\" data-element_type=\"container\" data-e-type=\"container\">\n\t\t\t\t<div class=\"elementor-element elementor-element-24fe24b elementor-widget elementor-widget-text-editor\" data-id=\"24fe24b\" data-element_type=\"widget\" data-e-type=\"widget\" data-widget_type=\"text-editor.default\">\n\t\t\t\t\t\t\t\t\t<center><\/center><h4 style=\"text-align: center;\"><span style=\"color: #008000;\"><strong>Coordinaci\u00f3n<\/strong><\/span><\/h4><h4 style=\"text-align: center;\">Dr. Juan Pablo Mu\u00f1oz Covarrubias<\/h4><h4 style=\"text-align: center;\"><a href=\"mailto:coordinacionletrasuami@gmail.com\">coordinacionletrasuami@gmail.com<\/a><\/h4><h4 style=\"text-align: center;\"><i class=\"fa fa-phone-alt me-3\"><\/i>ext. 2822<\/h4><h4 style=\"text-align: center;\">\u00a0<\/h4>\t\t\t\t\t\t\t\t<\/div>\n\t\t\t\t<\/div>\n\t\t<div class=\"elementor-element elementor-element-56fbf7e e-con-full e-flex e-con e-child\" data-id=\"56fbf7e\" data-element_type=\"container\" data-e-type=\"container\">\n\t\t\t\t<div class=\"elementor-element elementor-element-29577af elementor-widget elementor-widget-text-editor\" data-id=\"29577af\" data-element_type=\"widget\" data-e-type=\"widget\" data-widget_type=\"text-editor.default\">\n\t\t\t\t\t\t\t\t\t<h4 style=\"text-align: center;\"><span style=\"color: #008000;\">Secretaria<\/span><\/h4><h4 style=\"text-align: center;\">\u00a0<span style=\"text-align: start; font-variant-ligatures: inherit; font-variant-caps: inherit;\">Adela Orozco Cruz\u00a0<\/span><\/h4><h4 style=\"--theme-font-weight: 700; --theme-font-size: 25px; --theme-line-height: 1.5; font-style: normal; font-variant-ligatures: normal; font-variant-caps: normal; font-weight: bold; font-size: 25px; line-height: 1.5; font-family: Raleway, sans-serif; color: #111518; letter-spacing: normal; text-transform: none; text-decoration: none; margin-block-end: 17.5px; text-align: center;\"><a style=\"transition: 0.12s cubic-bezier(0.455, 0.03, 0.515, 0.955); color: #57a519;\" href=\"mailto:clla@xanum.uam.mx\" target=\"_blank\" rel=\"noopener\">clla@xanum.uam.mx<\/a><\/h4><h4 style=\"text-align: center;\">ext. 6583<\/h4><h4 style=\"text-align: center;\">\u00a0<\/h4>\t\t\t\t\t\t\t\t<\/div>\n\t\t\t\t<\/div>\n\t\t\t\t\t<\/div>\n\t\t\t\t<\/div>\n\t\t<div class=\"elementor-element elementor-element-29bd887 e-flex e-con-boxed e-con e-parent\" data-id=\"29bd887\" data-element_type=\"container\" data-e-type=\"container\">\n\t\t\t\t\t<div class=\"e-con-inner\">\n\t\t\t\t<div class=\"elementor-element elementor-element-a20efb8 elementor-widget elementor-widget-text-editor\" data-id=\"a20efb8\" data-element_type=\"widget\" data-e-type=\"widget\" data-widget_type=\"text-editor.default\">\n\t\t\t\t\t\t\t\t\t<h4 class=\"mb-4\">Objetivo de la licenciatura:<\/h4><p class=\"mb-4\">El estudio detallado de la literatura escrita en espa\u00f1ol es el objetivo de esta licenciatura, de manera que se pueda responder a diversas preguntas que se plantean acerca de los textos literarios, utilizar con eficiencia la lengua espa\u00f1ola, tanto oral como escrita, y tener un criterio human\u00edstico y social, amplio y sustentado.<\/p>\t\t\t\t\t\t\t\t<\/div>\n\t\t\t\t\t<\/div>\n\t\t\t\t<\/div>\n\t\t<div class=\"elementor-element elementor-element-f051c5e e-flex e-con-boxed e-con e-parent\" data-id=\"f051c5e\" data-element_type=\"container\" data-e-type=\"container\">\n\t\t\t\t\t<div class=\"e-con-inner\">\n\t\t\t\t<div class=\"elementor-element elementor-element-cb9dd14 elementor-widget elementor-widget-button\" data-id=\"cb9dd14\" data-element_type=\"widget\" data-e-type=\"widget\" data-widget_type=\"button.default\">\n\t\t\t\t\t\t\t\t\t\t<a class=\"elementor-button elementor-button-link elementor-size-sm\" href=\"https:\/\/divcsh.izt.uam.mx\/depto_filosofia\/wp-content\/uploads\/2025\/01\/Plan-de-estudios-LH.pdf\">\n\t\t\t\t\t\t<span class=\"elementor-button-content-wrapper\">\n\t\t\t\t\t\t\t\t\t<span class=\"elementor-button-text\">Plan de estudios<\/span>\n\t\t\t\t\t<\/span>\n\t\t\t\t\t<\/a>\n\t\t\t\t\t\t\t\t<\/div>\n\t\t\t\t\t<\/div>\n\t\t\t\t<\/div>\n\t\t<div class=\"elementor-element elementor-element-183410e e-flex e-con-boxed e-con e-parent\" data-id=\"183410e\" data-element_type=\"container\" data-e-type=\"container\">\n\t\t\t\t\t<div class=\"e-con-inner\">\n\t\t\t\t<div class=\"elementor-element elementor-element-45fba06 elementor-widget elementor-widget-text-editor\" data-id=\"45fba06\" data-element_type=\"widget\" data-e-type=\"widget\" data-widget_type=\"text-editor.default\">\n\t\t\t\t\t\t\t\t\t<div class=\"container-xxl py-3\"><div class=\"container\"><div class=\"row g-5\"><div class=\"col-lg-12 wow fadeInUp\" data-wow-delay=\"0.3s\"><h4 class=\"\">Claustro docente (Tiempo completo)<\/h4><\/div><\/div><\/div><\/div><div class=\"container-xxl \"><div class=\"container\"><div class=\"table-responsive\">\u00a0<\/div><\/div><\/div>\t\t\t\t\t\t\t\t<\/div>\n\t\t\t\t\t<\/div>\n\t\t\t\t<\/div>\n\t\t<div class=\"elementor-element elementor-element-a38192c e-flex e-con-boxed e-con e-parent\" data-id=\"a38192c\" data-element_type=\"container\" data-e-type=\"container\">\n\t\t\t\t\t<div class=\"e-con-inner\">\n\t\t\t\t<div class=\"elementor-element elementor-element-88137b9 elementor-widget elementor-widget-text-editor\" data-id=\"88137b9\" data-element_type=\"widget\" data-e-type=\"widget\" data-widget_type=\"text-editor.default\">\n\t\t\t\t\t\t\t\t\t<p>\u00a0<\/p><table class=\"table border table-hover\"><thead class=\"thead-dark\"><tr><th scope=\"col\">Nombre<\/th><th scope=\"col\">Cub\u00edculo<\/th><th scope=\"col\">Correo Electr\u00f3nico<\/th><\/tr><\/thead><tbody><tr><td><strong>Dra.Adriana Mar\u00eda Hern\u00e1ndez Sandoval<\/strong><\/td><td>F-105<\/td><td><a href=\"mailto:kiloni@yahoo.com\">kiloni@yahoo.com<\/a><\/td><\/tr><tr><td><strong>Dra. Mar\u00eda Guadalupe Correa Chiarotti<\/strong><\/td><td>F-105<\/td><td><a href=\"mailto:lupecorrea@gmail.com\">lupecorrea@gmail.com<\/a><\/td><\/tr><tr><td><strong>Dr. Omar Alejandro Higashi D\u00edaz<\/strong><\/td><td>F-107<\/td><td><a href=\"mailto:higa@xanum.uam.mx\">higa@xanum.uam.mx<\/a><\/td><\/tr><tr><td><strong>Mtro. Alberto Rodr\u00edguez Gonz\u00e1lez<\/strong><\/td><td>F-107<\/td><td><a href=\"mailto:alberto011922@gmail.com\">alberto011922@gmail.com<\/a><\/td><\/tr><tr><td><strong>Dr. Adam Alberto P\u00e9rez Amador<\/strong><\/td><td>F-211<\/td><td><a href=\"mailto:oxymoron@gmx.net\">oxymoron@gmx.net<\/a><\/td><\/tr><tr><td><strong>Dr. Gerardo Rom\u00e1n Altamirano Meza<\/strong><\/td><td>F-211<\/td><td><a href=\"mailto:altamiranogr@gmail.com\">altamiranogr@gmail.com<\/a><\/td><\/tr><tr><td><strong>Dra. M\u00f3nica Xenia Bernal Bejarle<\/strong><\/td><td>F-212<\/td><td><a href=\"mailto:mbbejarle@gmail.com\">mbbejarle@gmail.com<\/a><\/td><\/tr><tr><td><strong>Dra. Freja Ininna Cervantes Becerril<\/strong><\/td><td>F-214<\/td><td><a href=\"mailto:frejina@hotmail.com\">frejina@hotmail.com<\/a><\/td><\/tr><tr><td><strong>Dr.Juan Pablo Mu\u00f1oz Covarrubias<\/strong><\/td><td>F-218<\/td><td><a href=\"mailto:juanpablomunozcovarrubias@gmail.com\">juanpablomunozcovarrubias@gmail.com<\/a><\/td><\/tr><tr><td><strong>Dr. \u00c1ngel Alfonso Macedo Rodr\u00edguez<\/strong><\/td><td>F-219<\/td><td><a href=\"mailto:alfonsomacedo@hotmail.com\">alfonsomacedo@hotmail.com<\/a><\/td><\/tr><tr><td><strong>Dra. Roc\u00edo del Alba Ant\u00fanez Olivera<\/strong><\/td><td>F-220<\/td><td><a href=\"mailto:roan46@yahoo.com\">roan46@yahoo.com<\/a><\/td><\/tr><tr><td><strong>Dra. Claudia Maribel Dom\u00ednguez Miranda<\/strong><\/td><td>F-220<\/td><td><a href=\"mailto:claudiamardm@gmail.com\">claudiamardm@gmail.com<\/a><\/td><\/tr><tr><td><strong>Dr. C\u00e9sar Andr\u00e9s N\u00fa\u00f1ez<\/strong><\/td><td>F-221<\/td><td><a href=\"mailto:laorillayyo@yahoo.com\">laorillayyo@yahoo.com<\/a><\/td><\/tr><tr><td><strong>Dr. Gustavo Illades Aguiar<\/strong><\/td><td>F-226<\/td><td><a href=\"mailto:gillades@hotmail.com\">gillades@hotmail.com<\/a><\/td><\/tr><tr><td><strong>Dr. Marcelo Seraf\u00edn Gonz\u00e1lez Garc\u00eda<\/strong><\/td><td>F-227<\/td><td><a href=\"mailto:sepi@xanum.uam.mx\">sepi@xanum.uam.mx<\/a><\/td><\/tr><tr><td><strong>Mtra. Alma Leticia Mej\u00eda Gonz\u00e1lez<\/strong><\/td><td>F-228<\/td><td><a href=\"mailto:ameg@xanum.uam.mx\">ameg@xanum.uam.mx<\/a><\/td><\/tr><tr><td><strong>Dra. Mayuli Morales Faedo<\/strong><\/td><td>F-229<\/td><td><a href=\"mailto:mayulimf@yahoo.com\">mayulimf@yahoo.com<\/a><\/td><\/tr><tr><td><strong>Dra. Mar\u00eda Jos\u00e9 Rodilla Le\u00f3n<\/strong><\/td><td>F-238<\/td><td><a href=\"mailto:rodile6@yahoo.com.mx\">rodile6@yahoo.com.mx<\/a><\/td><\/tr><tr><td><strong>Dra. Claudia Miriam Kerik Rotenberg<\/strong><\/td><td>F-239<\/td><td><a href=\"mailto:cmkr@prodigy.net.mx\">cmkr@prodigy.net.mx<\/a><\/td><\/tr><tr><td><strong>Dra. Lillian von der Walde Moheno<\/strong><\/td><td>F-245<\/td><td><a href=\"mailto:waldemoheno@gmail.com\">waldemoheno@gmail.com<\/a><\/td><\/tr><tr><td><strong>Dr. Agust\u00edn Rodr\u00edguez Hern\u00e1ndez<\/strong><\/td><td>F-204<\/td><td><a href=\"mailto:agustin.rodriguez@xanum.uam.mx\">agustin.rodriguez@xanum.uam.mx<\/a><\/td><\/tr><\/tbody><\/table>\t\t\t\t\t\t\t\t<\/div>\n\t\t\t\t\t<\/div>\n\t\t\t\t<\/div>\n\t\t<div class=\"elementor-element elementor-element-878c279 e-flex e-con-boxed e-con e-parent\" data-id=\"878c279\" data-element_type=\"container\" data-e-type=\"container\">\n\t\t\t\t\t<div class=\"e-con-inner\">\n\t\t<div class=\"elementor-element elementor-element-39eb80a e-con-full e-flex e-con e-child\" data-id=\"39eb80a\" data-element_type=\"container\" data-e-type=\"container\">\n\t\t\t\t<div class=\"elementor-element elementor-element-56bde40 elementor-widget elementor-widget-video\" data-id=\"56bde40\" data-element_type=\"widget\" data-e-type=\"widget\" data-settings=\"{&quot;youtube_url&quot;:&quot;https:\\\/\\\/www.youtube.com\\\/watch?v=n6WzOcnmFLA&quot;,&quot;video_type&quot;:&quot;youtube&quot;,&quot;controls&quot;:&quot;yes&quot;}\" data-widget_type=\"video.default\">\n\t\t\t\t\t\t\t<div class=\"elementor-wrapper elementor-open-inline\">\n\t\t\t<div class=\"elementor-video\"><\/div>\t\t<\/div>\n\t\t\t\t\t\t<\/div>\n\t\t\t\t<\/div>\n\t\t<div class=\"elementor-element elementor-element-f99faa8 e-con-full e-flex e-con e-child\" data-id=\"f99faa8\" data-element_type=\"container\" data-e-type=\"container\">\n\t\t\t\t<div class=\"elementor-element elementor-element-e1d6267 elementor-widget elementor-widget-video\" data-id=\"e1d6267\" data-element_type=\"widget\" data-e-type=\"widget\" data-settings=\"{&quot;youtube_url&quot;:&quot;https:\\\/\\\/www.youtube.com\\\/watch?v=CEsqxI24N5A&quot;,&quot;video_type&quot;:&quot;youtube&quot;,&quot;controls&quot;:&quot;yes&quot;}\" data-widget_type=\"video.default\">\n\t\t\t\t\t\t\t<div class=\"elementor-wrapper elementor-open-inline\">\n\t\t\t<div class=\"elementor-video\"><\/div>\t\t<\/div>\n\t\t\t\t\t\t<\/div>\n\t\t\t\t<\/div>\n\t\t\t\t\t<\/div>\n\t\t\t\t<\/div>\n\t\t<div class=\"elementor-element elementor-element-9f6f3a2 e-flex e-con-boxed e-con e-parent\" data-id=\"9f6f3a2\" data-element_type=\"container\" data-e-type=\"container\">\n\t\t\t\t\t<div class=\"e-con-inner\">\n\t\t<div class=\"elementor-element elementor-element-c3a96d7 e-con-full e-flex e-con e-child\" data-id=\"c3a96d7\" data-element_type=\"container\" data-e-type=\"container\">\n\t\t\t\t<div class=\"elementor-element elementor-element-5e8139f elementor-widget elementor-widget-text-editor\" data-id=\"5e8139f\" data-element_type=\"widget\" data-e-type=\"widget\" data-widget_type=\"text-editor.default\">\n\t\t\t\t\t\t\t\t\t<h5 class=\"mb-4\">English subtitles<\/h5><h5 class=\"mb-4\">Traducido por: Mtra. Lucina Ang\u00e9lica Cabrera de la Rosa<\/h5>\t\t\t\t\t\t\t\t<\/div>\n\t\t\t\t<\/div>\n\t\t<div class=\"elementor-element elementor-element-01d250b e-con-full e-flex e-con e-child\" data-id=\"01d250b\" data-element_type=\"container\" data-e-type=\"container\">\n\t\t\t\t<div class=\"elementor-element elementor-element-33fb76f elementor-widget elementor-widget-text-editor\" data-id=\"33fb76f\" data-element_type=\"widget\" data-e-type=\"widget\" data-widget_type=\"text-editor.default\">\n\t\t\t\t\t\t\t\t\t<h5 class=\"mb-4\">Vid\u00e9o sous-titr\u00e9e<\/h5><h5 class=\"mb-4\">Traducido por: Mtra. Yazm\u00edn Luciana Salazar Plata.<\/h5>\t\t\t\t\t\t\t\t<\/div>\n\t\t\t\t<\/div>\n\t\t\t\t\t<\/div>\n\t\t\t\t<\/div>\n\t\t\t\t<\/div>\n\t\t","protected":false},"excerpt":{"rendered":"<p>Coordinaci\u00f3n Dr. Juan Pablo Mu\u00f1oz Covarrubias coordinacionletrasuami@gmail.com ext. 2822 \u00a0 Secretaria \u00a0Adela Orozco Cruz\u00a0 clla@xanum.uam.mx ext. 6583 \u00a0 Objetivo de la licenciatura: El estudio detallado de la literatura escrita en espa\u00f1ol es el objetivo de esta licenciatura, de manera que se pueda responder a diversas preguntas que se plantean acerca de los textos literarios, utilizar [&hellip;]<\/p>\n","protected":false},"author":1,"featured_media":0,"parent":0,"menu_order":0,"comment_status":"closed","ping_status":"closed","template":"","meta":{"footnotes":""},"class_list":["post-2440","page","type-page","status-publish","hentry"],"blocksy_meta":[],"_links":{"self":[{"href":"https:\/\/divcsh.izt.uam.mx\/depto_filosofia\/index.php\/wp-json\/wp\/v2\/pages\/2440","targetHints":{"allow":["GET"]}}],"collection":[{"href":"https:\/\/divcsh.izt.uam.mx\/depto_filosofia\/index.php\/wp-json\/wp\/v2\/pages"}],"about":[{"href":"https:\/\/divcsh.izt.uam.mx\/depto_filosofia\/index.php\/wp-json\/wp\/v2\/types\/page"}],"author":[{"embeddable":true,"href":"https:\/\/divcsh.izt.uam.mx\/depto_filosofia\/index.php\/wp-json\/wp\/v2\/users\/1"}],"replies":[{"embeddable":true,"href":"https:\/\/divcsh.izt.uam.mx\/depto_filosofia\/index.php\/wp-json\/wp\/v2\/comments?post=2440"}],"version-history":[{"count":6,"href":"https:\/\/divcsh.izt.uam.mx\/depto_filosofia\/index.php\/wp-json\/wp\/v2\/pages\/2440\/revisions"}],"predecessor-version":[{"id":4999,"href":"https:\/\/divcsh.izt.uam.mx\/depto_filosofia\/index.php\/wp-json\/wp\/v2\/pages\/2440\/revisions\/4999"}],"wp:attachment":[{"href":"https:\/\/divcsh.izt.uam.mx\/depto_filosofia\/index.php\/wp-json\/wp\/v2\/media?parent=2440"}],"curies":[{"name":"wp","href":"https:\/\/api.w.org\/{rel}","templated":true}]}}