{"id":2561,"date":"2025-01-10T22:02:36","date_gmt":"2025-01-10T21:02:36","guid":{"rendered":"https:\/\/divcsh.izt.uam.mx\/depto_filosofia\/?page_id=2561"},"modified":"2025-03-19T20:07:19","modified_gmt":"2025-03-19T19:07:19","slug":"filosofia-de-la-mente-y-del-lenguaje-y-epistemologia-de-las-ciencias","status":"publish","type":"page","link":"https:\/\/divcsh.izt.uam.mx\/depto_filosofia\/index.php\/filosofia-de-la-mente-y-del-lenguaje-y-epistemologia-de-las-ciencias\/","title":{"rendered":"Filosof\u00eda de la Mente y del Lenguaje y Epistemolog\u00eda de las Ciencias"},"content":{"rendered":"\t\t<div data-elementor-type=\"wp-page\" data-elementor-id=\"2561\" class=\"elementor elementor-2561\" data-elementor-post-type=\"page\">\n\t\t\t\t<div class=\"elementor-element elementor-element-8a66193 e-con-full e-flex e-con e-parent\" data-id=\"8a66193\" data-element_type=\"container\" data-e-type=\"container\">\n\t\t\t\t<div class=\"elementor-element elementor-element-44a7eda elementor-widget elementor-widget-image\" data-id=\"44a7eda\" data-element_type=\"widget\" data-e-type=\"widget\" data-widget_type=\"image.default\">\n\t\t\t\t\t\t\t\t\t\t\t\t\t\t\t<img fetchpriority=\"high\" decoding=\"async\" width=\"1024\" height=\"222\" src=\"https:\/\/divcsh.izt.uam.mx\/depto_filosofia\/wp-content\/uploads\/2025\/01\/Cienciadellenguaje-1024x222.png\" class=\"attachment-large size-large wp-image-3271\" alt=\"\" srcset=\"https:\/\/divcsh.izt.uam.mx\/depto_filosofia\/wp-content\/uploads\/2025\/01\/Cienciadellenguaje-1024x222.png 1024w, https:\/\/divcsh.izt.uam.mx\/depto_filosofia\/wp-content\/uploads\/2025\/01\/Cienciadellenguaje-300x65.png 300w, https:\/\/divcsh.izt.uam.mx\/depto_filosofia\/wp-content\/uploads\/2025\/01\/Cienciadellenguaje-768x166.png 768w, https:\/\/divcsh.izt.uam.mx\/depto_filosofia\/wp-content\/uploads\/2025\/01\/Cienciadellenguaje-1536x333.png 1536w, https:\/\/divcsh.izt.uam.mx\/depto_filosofia\/wp-content\/uploads\/2025\/01\/Cienciadellenguaje-2048x444.png 2048w\" sizes=\"(max-width: 1024px) 100vw, 1024px\" \/>\t\t\t\t\t\t\t\t\t\t\t\t\t\t\t<\/div>\n\t\t\t\t<\/div>\n\t\t<div class=\"elementor-element elementor-element-ee9a7eb e-flex e-con-boxed e-con e-parent\" data-id=\"ee9a7eb\" data-element_type=\"container\" data-e-type=\"container\">\n\t\t\t\t\t<div class=\"e-con-inner\">\n\t\t\t\t<div class=\"elementor-element elementor-element-327764d elementor-widget elementor-widget-text-editor\" data-id=\"327764d\" data-element_type=\"widget\" data-e-type=\"widget\" data-widget_type=\"text-editor.default\">\n\t\t\t\t\t\t\t\t\t<center><\/center><h2 style=\"text-align: center;\"><strong>Jefe de \u00c1rea<\/strong><\/h2><h4 style=\"text-align: center;\">Dr. Godfrey Ernesto Guillaumin Ju\u00e1rez<\/h4><h4 style=\"text-align: center;\"><i class=\"fa fa-envelope me-3\"><\/i><a href=\"mailto:guillaumin.godfrey@gmail.com\" target=\"_blank\" rel=\"noopener\">guillaumin.godfrey@gmail.com<\/a><\/h4><h4 style=\"text-align: center;\">55 5804 4600 Ext. 6522<\/h4><h4 style=\"text-align: center;\">\u00a0<\/h4>\t\t\t\t\t\t\t\t<\/div>\n\t\t\t\t\t<\/div>\n\t\t\t\t<\/div>\n\t\t<div class=\"elementor-element elementor-element-7a6ac11 e-flex e-con-boxed e-con e-parent\" data-id=\"7a6ac11\" data-element_type=\"container\" data-e-type=\"container\">\n\t\t\t\t\t<div class=\"e-con-inner\">\n\t\t\t\t<div class=\"elementor-element elementor-element-852c3af elementor-widget elementor-widget-text-editor\" data-id=\"852c3af\" data-element_type=\"widget\" data-e-type=\"widget\" data-widget_type=\"text-editor.default\">\n\t\t\t\t\t\t\t\t\t<h4 class=\"mb-4\">Objetivo de la l\u00ednea<\/h4><p class=\"mb-4\">Se trata de una nueva \u00e1rea de investigaci\u00f3n en filosof\u00eda creada en el 2016. Somos un grupo de apenas 4 profesores (Godfrey Guillaumin Ju\u00e1rez, J\u00f6rg Alejandro Tellkamp, Max Fern\u00e1ndez de Castro y S\u00edlvio Mota Pinto) con intereses diversos que, sin embargo, compartimos el m\u00e9todo anal\u00edtico, as\u00ed como tambi\u00e9n una cierta orientaci\u00f3n naturalista en nuestra manera de practicar la filosof\u00eda. Nuestros temas de investigaci\u00f3n se pueden agrupar en 3 grandes l\u00edneas:<\/p><p class=\"mb-4\">\u2022 La filosof\u00eda de la mente: aqu\u00ed nos interesa la psicolog\u00eda filos\u00f3fica y m\u00e1s espec\u00edficamente la intencionalidad del pensamiento y del lenguaje, la percepci\u00f3n y la naturaleza de las actitudes proposicionales;<\/p><p class=\"mb-4\">\u2022 La filosof\u00eda del lenguaje: aqu\u00ed nos interesamos por la sem\u00e1ntica y la pragm\u00e1tica del lenguaje cient\u00edfico y cotidiano, en particular, trabajamos las nociones de significado, verdad y referencia;<\/p><p class=\"mb-4\">\u2022 La epistemolog\u00eda: aqu\u00ed estudiamos la filosof\u00eda de la matem\u00e1tica y de la l\u00f3gica, el problema de la justificaci\u00f3n del cambio cient\u00edfico, el desarrollo hist\u00f3rico de las nociones de evidencia y medici\u00f3n cient\u00edfica y la historia cognitiva de la ciencia.<\/p><p class=\"mb-4\">Tambi\u00e9n nos interesan temas que est\u00e1n en la frontera entre la filosof\u00eda de la mente y del lenguaje como, por ejemplo, los modelos sobre la capacidad ling\u00fc\u00edstica y en general sobre los estados y procesos mentales humanos y, por otro lado, temas que se ubican en la frontera entre la filosof\u00eda de la mente y la epistemolog\u00eda como son los procesos de razonamiento y justificaci\u00f3n de creencias y acciones y los modelos de explicaci\u00f3n cient\u00edfica y m\u00e1s en general los modelos sobre la decisi\u00f3n racional en situaciones de incertidumbre.<\/p>\t\t\t\t\t\t\t\t<\/div>\n\t\t\t\t\t<\/div>\n\t\t\t\t<\/div>\n\t\t<div class=\"elementor-element elementor-element-0d3a8da e-flex e-con-boxed e-con e-parent\" data-id=\"0d3a8da\" data-element_type=\"container\" data-e-type=\"container\">\n\t\t\t\t\t<div class=\"e-con-inner\">\n\t\t\t\t<div class=\"elementor-element elementor-element-dd3d006 elementor-widget elementor-widget-text-editor\" data-id=\"dd3d006\" data-element_type=\"widget\" data-e-type=\"widget\" data-widget_type=\"text-editor.default\">\n\t\t\t\t\t\t\t\t\t<table class=\"table border table-hover\"><thead class=\"thead-dark\"><tr><th scope=\"col\">Profesor<\/th><th scope=\"col\">Cub\u00edculo<\/th><th scope=\"col\">Extensi\u00f3n<\/th><th scope=\"col\">Correo Electr\u00f3nico<\/th><\/tr><\/thead><tbody><tr><td><strong>Dr. Max Fern\u00e1ndez de Castro<\/strong><\/td><td>F-208<\/td><td>2788<\/td><td><a href=\"mailto:xamf_mx@yahoo.com\">xamf_mx@yahoo.com<\/a><\/td><\/tr><tr><td><strong>Dr. Silvio Jos\u00e9 Mota Pinto<\/strong><\/td><td>F-233<\/td><td>2785<\/td><td><a href=\"mailto:silviopint@yahoo.com\">silviopint@yahoo.com<\/a><\/td><\/tr><tr><td><strong>Dr. Alejarndro Tellkamp J\u00f6erg<\/strong><\/td><td>F-208<\/td><td>2788<\/td><td><a href=\"mailto:tlkp@xanum.uam.mx\">tlkp@xanum.uam.mx<\/a><\/td><\/tr><\/tbody><\/table>\t\t\t\t\t\t\t\t<\/div>\n\t\t\t\t\t<\/div>\n\t\t\t\t<\/div>\n\t\t\t\t<\/div>\n\t\t","protected":false},"excerpt":{"rendered":"<p>Jefe de \u00c1rea Dr. Godfrey Ernesto Guillaumin Ju\u00e1rez guillaumin.godfrey@gmail.com 55 5804 4600 Ext. 6522 \u00a0 Objetivo de la l\u00ednea Se trata de una nueva \u00e1rea de investigaci\u00f3n en filosof\u00eda creada en el 2016. Somos un grupo de apenas 4 profesores (Godfrey Guillaumin Ju\u00e1rez, J\u00f6rg Alejandro Tellkamp, Max Fern\u00e1ndez de Castro y S\u00edlvio Mota Pinto) con [&hellip;]<\/p>\n","protected":false},"author":1,"featured_media":0,"parent":0,"menu_order":0,"comment_status":"closed","ping_status":"closed","template":"","meta":{"footnotes":""},"class_list":["post-2561","page","type-page","status-publish","hentry"],"blocksy_meta":[],"_links":{"self":[{"href":"https:\/\/divcsh.izt.uam.mx\/depto_filosofia\/index.php\/wp-json\/wp\/v2\/pages\/2561","targetHints":{"allow":["GET"]}}],"collection":[{"href":"https:\/\/divcsh.izt.uam.mx\/depto_filosofia\/index.php\/wp-json\/wp\/v2\/pages"}],"about":[{"href":"https:\/\/divcsh.izt.uam.mx\/depto_filosofia\/index.php\/wp-json\/wp\/v2\/types\/page"}],"author":[{"embeddable":true,"href":"https:\/\/divcsh.izt.uam.mx\/depto_filosofia\/index.php\/wp-json\/wp\/v2\/users\/1"}],"replies":[{"embeddable":true,"href":"https:\/\/divcsh.izt.uam.mx\/depto_filosofia\/index.php\/wp-json\/wp\/v2\/comments?post=2561"}],"version-history":[{"count":0,"href":"https:\/\/divcsh.izt.uam.mx\/depto_filosofia\/index.php\/wp-json\/wp\/v2\/pages\/2561\/revisions"}],"wp:attachment":[{"href":"https:\/\/divcsh.izt.uam.mx\/depto_filosofia\/index.php\/wp-json\/wp\/v2\/media?parent=2561"}],"curies":[{"name":"wp","href":"https:\/\/api.w.org\/{rel}","templated":true}]}}

Filosofía de la Mente y del Lenguaje y Epistemología de las Ciencias

<div data-elementor-type="wp-page" data-elementor-id="2561" class="elementor elementor-2561" data-elementor-post-type="page">
				<div class="elementor-element elementor-element-8a66193 e-con-full e-flex e-con e-parent" data-id="8a66193" data-element_type="container" data-e-type="container">
				<div class="elementor-element elementor-element-44a7eda elementor-widget elementor-widget-image" data-id="44a7eda" data-element_type="widget" data-e-type="widget" data-widget_type="image.default">
															<img fetchpriority="high" decoding="async" width="1024" height="222" src="https://divcsh.izt.uam.mx/depto_filosofia/wp-content/uploads/2025/01/Cienciadellenguaje-1024x222.png" class="attachment-large size-large wp-image-3271" alt="" srcset="https://divcsh.izt.uam.mx/depto_filosofia/wp-content/uploads/2025/01/Cienciadellenguaje-1024x222.png 1024w, https://divcsh.izt.uam.mx/depto_filosofia/wp-content/uploads/2025/01/Cienciadellenguaje-300x65.png 300w, https://divcsh.izt.uam.mx/depto_filosofia/wp-content/uploads/2025/01/Cienciadellenguaje-768x166.png 768w, https://divcsh.izt.uam.mx/depto_filosofia/wp-content/uploads/2025/01/Cienciadellenguaje-1536x333.png 1536w, https://divcsh.izt.uam.mx/depto_filosofia/wp-content/uploads/2025/01/Cienciadellenguaje-2048x444.png 2048w" sizes="(max-width: 1024px) 100vw, 1024px" />															</div>
				</div>
		<div class="elementor-element elementor-element-ee9a7eb e-flex e-con-boxed e-con e-parent" data-id="ee9a7eb" data-element_type="container" data-e-type="container">
					<div class="e-con-inner">
				<div class="elementor-element elementor-element-327764d elementor-widget elementor-widget-text-editor" data-id="327764d" data-element_type="widget" data-e-type="widget" data-widget_type="text-editor.default">
									<center></center><h2 style="text-align: center;"><strong>Jefe de Área</strong></h2><h4 style="text-align: center;">Dr. Godfrey Ernesto Guillaumin Juárez</h4><h4 style="text-align: center;"><i class="fa fa-envelope me-3"></i><a href="mailto:guillaumin.godfrey@gmail.com" target="_blank" rel="noopener">guillaumin.godfrey@gmail.com</a></h4><h4 style="text-align: center;">55 5804 4600 Ext. 6522</h4><h4 style="text-align: center;"> </h4>								</div>
					</div>
				</div>
		<div class="elementor-element elementor-element-7a6ac11 e-flex e-con-boxed e-con e-parent" data-id="7a6ac11" data-element_type="container" data-e-type="container">
					<div class="e-con-inner">
				<div class="elementor-element elementor-element-852c3af elementor-widget elementor-widget-text-editor" data-id="852c3af" data-element_type="widget" data-e-type="widget" data-widget_type="text-editor.default">
									<h4 class="mb-4">Objetivo de la línea</h4><p class="mb-4">Se trata de una nueva área de investigación en filosofía creada en el 2016. Somos un grupo de apenas 4 profesores (Godfrey Guillaumin Juárez, Jörg Alejandro Tellkamp, Max Fernández de Castro y Sílvio Mota Pinto) con intereses diversos que, sin embargo, compartimos el método analítico, así como también una cierta orientación naturalista en nuestra manera de practicar la filosofía. Nuestros temas de investigación se pueden agrupar en 3 grandes líneas:</p><p class="mb-4">• La filosofía de la mente: aquí nos interesa la psicología filosófica y más específicamente la intencionalidad del pensamiento y del lenguaje, la percepción y la naturaleza de las actitudes proposicionales;</p><p class="mb-4">• La filosofía del lenguaje: aquí nos interesamos por la semántica y la pragmática del lenguaje científico y cotidiano, en particular, trabajamos las nociones de significado, verdad y referencia;</p><p class="mb-4">• La epistemología: aquí estudiamos la filosofía de la matemática y de la lógica, el problema de la justificación del cambio científico, el desarrollo histórico de las nociones de evidencia y medición científica y la historia cognitiva de la ciencia.</p><p class="mb-4">También nos interesan temas que están en la frontera entre la filosofía de la mente y del lenguaje como, por ejemplo, los modelos sobre la capacidad lingüística y en general sobre los estados y procesos mentales humanos y, por otro lado, temas que se ubican en la frontera entre la filosofía de la mente y la epistemología como son los procesos de razonamiento y justificación de creencias y acciones y los modelos de explicación científica y más en general los modelos sobre la decisión racional en situaciones de incertidumbre.</p>								</div>
					</div>
				</div>
		<div class="elementor-element elementor-element-0d3a8da e-flex e-con-boxed e-con e-parent" data-id="0d3a8da" data-element_type="container" data-e-type="container">
					<div class="e-con-inner">
				<div class="elementor-element elementor-element-dd3d006 elementor-widget elementor-widget-text-editor" data-id="dd3d006" data-element_type="widget" data-e-type="widget" data-widget_type="text-editor.default">
									<table class="table border table-hover"><thead class="thead-dark"><tr><th scope="col">Profesor</th><th scope="col">Cubículo</th><th scope="col">Extensión</th><th scope="col">Correo Electrónico</th></tr></thead><tbody><tr><td><strong>Dr. Max Fernández de Castro</strong></td><td>F-208</td><td>2788</td><td><a href="mailto:xamf_mx@yahoo.com">xamf_mx@yahoo.com</a></td></tr><tr><td><strong>Dr. Silvio José Mota Pinto</strong></td><td>F-233</td><td>2785</td><td><a href="mailto:silviopint@yahoo.com">silviopint@yahoo.com</a></td></tr><tr><td><strong>Dr. Alejarndro Tellkamp Jöerg</strong></td><td>F-208</td><td>2788</td><td><a href="mailto:tlkp@xanum.uam.mx">tlkp@xanum.uam.mx</a></td></tr></tbody></table>								</div>
					</div>
				</div>
				</div>

<p>Jefe de Área Dr. Godfrey Ernesto Guillaumin Juárez guillaumin.godfrey@gmail.com 55 5804 4600 Ext. 6522   Objetivo de la línea Se trata de una nueva área de investigación en filosofía creada en el 2016. Somos un grupo de apenas 4 profesores (Godfrey Guillaumin Juárez, Jörg Alejandro Tellkamp, Max Fernández de Castro y Sílvio Mota Pinto) con [&hellip;]</p>
