{"id":8,"date":"2019-10-31T10:05:05","date_gmt":"2019-10-31T10:05:05","guid":{"rendered":"https:\/\/divcsh.izt.uam.mx\/sec_academica\/home\/"},"modified":"2025-06-11T22:31:24","modified_gmt":"2025-06-11T22:31:24","slug":"inicio","status":"publish","type":"page","link":"https:\/\/divcsh.izt.uam.mx\/sec_academica\/","title":{"rendered":"Inicio"},"content":{"rendered":"\t\t<div data-elementor-type=\"wp-page\" data-elementor-id=\"8\" class=\"elementor elementor-8\" data-elementor-post-type=\"page\">\n\t\t\t\t<div class=\"elementor-element elementor-element-4cd38d5 e-flex e-con-boxed e-con e-parent\" data-id=\"4cd38d5\" data-element_type=\"container\" data-e-type=\"container\">\n\t\t\t\t\t<div class=\"e-con-inner\">\n\t\t<div class=\"elementor-element elementor-element-6ca6e00 e-con-full e-flex e-con e-child\" data-id=\"6ca6e00\" data-element_type=\"container\" data-e-type=\"container\">\n\t\t\t\t<div class=\"elementor-element elementor-element-ab3c219 elementor-widget__width-initial elementor-invisible elementor-widget elementor-widget-heading\" data-id=\"ab3c219\" data-element_type=\"widget\" data-e-type=\"widget\" data-settings=\"{&quot;_animation&quot;:&quot;fadeInLeft&quot;}\" data-widget_type=\"heading.default\">\n\t\t\t\t<div class=\"elementor-widget-container\">\n\t\t\t\t\t<h1 class=\"elementor-heading-title elementor-size-default\">BIENVENIDOS<\/h1>\t\t\t\t<\/div>\n\t\t\t\t<\/div>\n\t\t\t\t<div class=\"elementor-element elementor-element-d94c8c8 elementor-widget__width-initial elementor-widget-divider--view-line elementor-invisible elementor-widget elementor-widget-divider\" data-id=\"d94c8c8\" data-element_type=\"widget\" data-e-type=\"widget\" data-settings=\"{&quot;_animation&quot;:&quot;fadeInLeft&quot;}\" data-widget_type=\"divider.default\">\n\t\t\t\t<div class=\"elementor-widget-container\">\n\t\t\t\t\t\t\t<div class=\"elementor-divider\">\n\t\t\t<span class=\"elementor-divider-separator\">\n\t\t\t\t\t\t<\/span>\n\t\t<\/div>\n\t\t\t\t\t\t<\/div>\n\t\t\t\t<\/div>\n\t\t\t\t<div class=\"elementor-element elementor-element-d09a8ac elementor-widget__width-initial elementor-invisible elementor-widget elementor-widget-heading\" data-id=\"d09a8ac\" data-element_type=\"widget\" data-e-type=\"widget\" data-settings=\"{&quot;_animation&quot;:&quot;fadeInLeft&quot;}\" data-widget_type=\"heading.default\">\n\t\t\t\t<div class=\"elementor-widget-container\">\n\t\t\t\t\t<h3 class=\"elementor-heading-title elementor-size-default\">Secretar\u00eda Acad\u00e9mica DCSH<\/h3>\t\t\t\t<\/div>\n\t\t\t\t<\/div>\n\t\t\t\t<\/div>\n\t\t<div class=\"elementor-element elementor-element-66915a8 e-con-full e-flex e-con e-child\" data-id=\"66915a8\" data-element_type=\"container\" data-e-type=\"container\">\n\t\t\t\t<div class=\"elementor-element elementor-element-c267c20 elementor-invisible elementor-widget elementor-widget-image\" data-id=\"c267c20\" data-element_type=\"widget\" data-e-type=\"widget\" data-settings=\"{&quot;_animation&quot;:&quot;zoomIn&quot;}\" data-widget_type=\"image.default\">\n\t\t\t\t<div class=\"elementor-widget-container\">\n\t\t\t\t\t\t\t\t\t\t\t\t\t\t\t<img fetchpriority=\"high\" decoding=\"async\" width=\"768\" height=\"494\" src=\"https:\/\/divcsh.izt.uam.mx\/sec_academica\/wp-content\/uploads\/2025\/06\/Logo-secretaria-768x494.png\" class=\"attachment-medium_large size-medium_large wp-image-3490\" alt=\"\" srcset=\"https:\/\/divcsh.izt.uam.mx\/sec_academica\/wp-content\/uploads\/2025\/06\/Logo-secretaria-768x494.png 768w, https:\/\/divcsh.izt.uam.mx\/sec_academica\/wp-content\/uploads\/2025\/06\/Logo-secretaria-300x193.png 300w, https:\/\/divcsh.izt.uam.mx\/sec_academica\/wp-content\/uploads\/2025\/06\/Logo-secretaria-1024x659.png 1024w, https:\/\/divcsh.izt.uam.mx\/sec_academica\/wp-content\/uploads\/2025\/06\/Logo-secretaria-1536x988.png 1536w, https:\/\/divcsh.izt.uam.mx\/sec_academica\/wp-content\/uploads\/2025\/06\/Logo-secretaria-2048x1317.png 2048w\" sizes=\"(max-width: 768px) 100vw, 768px\" \/>\t\t\t\t\t\t\t\t\t\t\t\t\t\t\t<\/div>\n\t\t\t\t<\/div>\n\t\t\t\t<\/div>\n\t\t\t\t\t<\/div>\n\t\t\t\t<\/div>\n\t\t<div class=\"elementor-element elementor-element-15dbc34 e-flex e-con-boxed e-con e-parent\" data-id=\"15dbc34\" data-element_type=\"container\" data-e-type=\"container\">\n\t\t\t\t\t<div class=\"e-con-inner\">\n\t\t\t\t<div class=\"elementor-element elementor-element-b4c020e elementor-widget elementor-widget-text-editor\" data-id=\"b4c020e\" data-element_type=\"widget\" data-e-type=\"widget\" data-widget_type=\"text-editor.default\">\n\t\t\t\t<div class=\"elementor-widget-container\">\n\t\t\t\t\t\t\t\t\t<h4>Presentaci\u00f3n<\/h4><h6><strong>El equipo de la Secretar\u00eda Acad\u00e9mica de CSH estamos para apoyarte en temas referentes a tu estancia en UAMI, atendemos al alumnado, personal acad\u00e9mico y administrativo, podemos orientarte y canalizarte seg\u00fan sea necesario, <\/strong>y las instancias administrativas que dependen de ella:<\/h6><ul><li><h6>Oficina de Asistencia Administrativa de la Secretar\u00eda Acad\u00e9mica DCSH<\/h6><\/li><li><h6>Oficina T\u00e9cnica del Consejo Divisional<\/h6><\/li><li><h6>Oficina de Planes y Programas de Estudio,Tutor\u00edas y Becas<\/h6><\/li><\/ul>\t\t\t\t\t\t\t\t<\/div>\n\t\t\t\t<\/div>\n\t\t\t\t\t<\/div>\n\t\t\t\t<\/div>\n\t\t<div class=\"elementor-element elementor-element-c47cb97 e-con-full e-flex e-con e-parent\" data-id=\"c47cb97\" data-element_type=\"container\" data-e-type=\"container\">\n\t\t<div class=\"elementor-element elementor-element-7e27eff e-con-full e-flex e-con e-child\" data-id=\"7e27eff\" data-element_type=\"container\" data-e-type=\"container\">\n\t\t\t\t<div class=\"elementor-element elementor-element-f54160d elementor-widget elementor-widget-image\" data-id=\"f54160d\" data-element_type=\"widget\" data-e-type=\"widget\" data-widget_type=\"image.default\">\n\t\t\t\t<div class=\"elementor-widget-container\">\n\t\t\t\t\t\t\t\t\t\t\t\t\t\t\t<img decoding=\"async\" width=\"300\" height=\"300\" src=\"https:\/\/divcsh.izt.uam.mx\/sec_academica\/wp-content\/uploads\/2025\/03\/Tono-300x300.png\" class=\"attachment-medium size-medium wp-image-3470\" alt=\"\" srcset=\"https:\/\/divcsh.izt.uam.mx\/sec_academica\/wp-content\/uploads\/2025\/03\/Tono-300x300.png 300w, https:\/\/divcsh.izt.uam.mx\/sec_academica\/wp-content\/uploads\/2025\/03\/Tono-150x150.png 150w, https:\/\/divcsh.izt.uam.mx\/sec_academica\/wp-content\/uploads\/2025\/03\/Tono.png 750w\" sizes=\"(max-width: 300px) 100vw, 300px\" \/>\t\t\t\t\t\t\t\t\t\t\t\t\t\t\t<\/div>\n\t\t\t\t<\/div>\n\t\t\t\t<\/div>\n\t\t<div class=\"elementor-element elementor-element-08b03f6 e-con-full e-flex e-con e-child\" data-id=\"08b03f6\" data-element_type=\"container\" data-e-type=\"container\">\n\t\t\t\t<div class=\"elementor-element elementor-element-6f60816 elementor-widget elementor-widget-heading\" data-id=\"6f60816\" data-element_type=\"widget\" data-e-type=\"widget\" data-widget_type=\"heading.default\">\n\t\t\t\t<div class=\"elementor-widget-container\">\n\t\t\t\t\t<h3 class=\"elementor-heading-title elementor-size-default\">Dr. Jos\u00e9 Antonio Carrera Barroso<\/h3>\t\t\t\t<\/div>\n\t\t\t\t<\/div>\n\t\t\t\t<div class=\"elementor-element elementor-element-379fa38 elementor-widget__width-initial elementor-widget-divider--view-line elementor-invisible elementor-widget elementor-widget-divider\" data-id=\"379fa38\" data-element_type=\"widget\" data-e-type=\"widget\" data-settings=\"{&quot;_animation&quot;:&quot;fadeInLeft&quot;}\" data-widget_type=\"divider.default\">\n\t\t\t\t<div class=\"elementor-widget-container\">\n\t\t\t\t\t\t\t<div class=\"elementor-divider\">\n\t\t\t<span class=\"elementor-divider-separator\">\n\t\t\t\t\t\t<\/span>\n\t\t<\/div>\n\t\t\t\t\t\t<\/div>\n\t\t\t\t<\/div>\n\t\t\t\t<div class=\"elementor-element elementor-element-8bd96d5 elementor-invisible elementor-widget elementor-widget-heading\" data-id=\"8bd96d5\" data-element_type=\"widget\" data-e-type=\"widget\" data-settings=\"{&quot;_animation&quot;:&quot;fadeIn&quot;}\" data-widget_type=\"heading.default\">\n\t\t\t\t<div class=\"elementor-widget-container\">\n\t\t\t\t\t<h6 class=\"elementor-heading-title elementor-size-default\">Secretario Acad\u00e9mico de la Divisi\u00f3n de Ciencias Sociales y Humanidades<\/h6>\t\t\t\t<\/div>\n\t\t\t\t<\/div>\n\t\t\t\t<div class=\"elementor-element elementor-element-6331625 elementor-widget__width-initial elementor-widget-divider--view-line elementor-invisible elementor-widget elementor-widget-divider\" data-id=\"6331625\" data-element_type=\"widget\" data-e-type=\"widget\" data-settings=\"{&quot;_animation&quot;:&quot;fadeInLeft&quot;}\" data-widget_type=\"divider.default\">\n\t\t\t\t<div class=\"elementor-widget-container\">\n\t\t\t\t\t\t\t<div class=\"elementor-divider\">\n\t\t\t<span class=\"elementor-divider-separator\">\n\t\t\t\t\t\t<\/span>\n\t\t<\/div>\n\t\t\t\t\t\t<\/div>\n\t\t\t\t<\/div>\n\t\t\t\t<\/div>\n\t\t\t\t<\/div>\n\t\t<div class=\"elementor-element elementor-element-d381e72 e-flex e-con-boxed e-con e-parent\" data-id=\"d381e72\" data-element_type=\"container\" data-e-type=\"container\">\n\t\t\t\t\t<div class=\"e-con-inner\">\n\t\t<div class=\"elementor-element elementor-element-bf3bc1f e-con-full e-flex e-con e-child\" data-id=\"bf3bc1f\" data-element_type=\"container\" data-e-type=\"container\">\n\t\t\t\t<div class=\"elementor-element elementor-element-170ea12 elementor-widget__width-initial elementor-invisible elementor-widget elementor-widget-heading\" data-id=\"170ea12\" data-element_type=\"widget\" data-e-type=\"widget\" data-settings=\"{&quot;_animation&quot;:&quot;fadeInLeft&quot;}\" data-widget_type=\"heading.default\">\n\t\t\t\t<div class=\"elementor-widget-container\">\n\t\t\t\t\t<h4 class=\"elementor-heading-title elementor-size-default\">S\u00edguenos en Facebook<\/h4>\t\t\t\t<\/div>\n\t\t\t\t<\/div>\n\t\t\t\t<div class=\"elementor-element elementor-element-b56c26f elementor-widget__width-initial elementor-widget-divider--view-line elementor-invisible elementor-widget elementor-widget-divider\" data-id=\"b56c26f\" data-element_type=\"widget\" data-e-type=\"widget\" data-settings=\"{&quot;_animation&quot;:&quot;fadeInLeft&quot;}\" data-widget_type=\"divider.default\">\n\t\t\t\t<div class=\"elementor-widget-container\">\n\t\t\t\t\t\t\t<div class=\"elementor-divider\">\n\t\t\t<span class=\"elementor-divider-separator\">\n\t\t\t\t\t\t<\/span>\n\t\t<\/div>\n\t\t\t\t\t\t<\/div>\n\t\t\t\t<\/div>\n\t\t\t\t<div class=\"elementor-element elementor-element-ccae5e7 elementor-widget elementor-widget-html\" data-id=\"ccae5e7\" data-element_type=\"widget\" data-e-type=\"widget\" data-widget_type=\"html.default\">\n\t\t\t\t<div class=\"elementor-widget-container\">\n\t\t\t\t\t<iframe src=\"https:\/\/www.facebook.com\/plugins\/page.php?href=https%3A%2F%2Fwww.facebook.com%2FSecAcadCSH&tabs=timeline&width=500&height=500&small_header=false&adapt_container_width=true&hide_cover=false&show_facepile=true&appId\" width=\"500\" height=\"500\" style=\"border:none;overflow:hidden\" scrolling=\"no\" frameborder=\"0\" allowfullscreen=\"true\" allow=\"autoplay; clipboard-write; encrypted-media; picture-in-picture; web-share\"><\/iframe>\t\t\t\t<\/div>\n\t\t\t\t<\/div>\n\t\t\t\t<\/div>\n\t\t<div class=\"elementor-element elementor-element-154664f e-con-full e-flex e-con e-child\" data-id=\"154664f\" data-element_type=\"container\" data-e-type=\"container\">\n\t\t\t\t<div class=\"elementor-element elementor-element-04fa071 elementor-widget__width-initial elementor-invisible elementor-widget elementor-widget-heading\" data-id=\"04fa071\" data-element_type=\"widget\" data-e-type=\"widget\" data-settings=\"{&quot;_animation&quot;:&quot;fadeInLeft&quot;}\" data-widget_type=\"heading.default\">\n\t\t\t\t<div class=\"elementor-widget-container\">\n\t\t\t\t\t<h4 class=\"elementor-heading-title elementor-size-default\">Ubicaci\u00f3n<\/h4>\t\t\t\t<\/div>\n\t\t\t\t<\/div>\n\t\t\t\t<div class=\"elementor-element elementor-element-cf4790b elementor-widget__width-initial elementor-widget-divider--view-line elementor-invisible elementor-widget elementor-widget-divider\" data-id=\"cf4790b\" data-element_type=\"widget\" data-e-type=\"widget\" data-settings=\"{&quot;_animation&quot;:&quot;fadeInLeft&quot;}\" data-widget_type=\"divider.default\">\n\t\t\t\t<div class=\"elementor-widget-container\">\n\t\t\t\t\t\t\t<div class=\"elementor-divider\">\n\t\t\t<span class=\"elementor-divider-separator\">\n\t\t\t\t\t\t<\/span>\n\t\t<\/div>\n\t\t\t\t\t\t<\/div>\n\t\t\t\t<\/div>\n\t\t\t\t<div class=\"elementor-element elementor-element-94623da elementor-widget elementor-widget-text-editor\" data-id=\"94623da\" data-element_type=\"widget\" data-e-type=\"widget\" data-widget_type=\"text-editor.default\">\n\t\t\t\t<div class=\"elementor-widget-container\">\n\t\t\t\t\t\t\t\t\t<p><strong>Edificio H-208. Universidad Aut\u00f3noma Metropolitana &#8211; Unidad Iztapalapa.<\/strong><\/p>\n<p>Av. Ferrocarril San Rafael Atlixco No.186, Col. Leyes de Reforma 1a.Secci\u00f3n C.P.09310, Alcald\u00eda Iztapalapa, Ciudad de M\u00e9xico, Tel. (55) 58044752<\/p>\t\t\t\t\t\t\t\t<\/div>\n\t\t\t\t<\/div>\n\t\t\t\t<div class=\"elementor-element elementor-element-b95ba35 elementor-invisible elementor-widget elementor-widget-text-editor\" data-id=\"b95ba35\" data-element_type=\"widget\" data-e-type=\"widget\" data-settings=\"{&quot;_animation&quot;:&quot;fadeInLeft&quot;}\" data-widget_type=\"text-editor.default\">\n\t\t\t\t<div class=\"elementor-widget-container\">\n\t\t\t\t\t\t\t\t\t<section class=\"kc-elm kc-css-444253 kc_row\"><div class=\"kc-row-container kc-container\"><div class=\"kc-wrap-columns\"><div class=\"kc-elm kc-css-159962 kc_col-sm-12 kc_column kc_col-sm-12\"><div class=\"kc-col-container\"><div class=\"kc-elm kc-css-495100 kc_row kc_row_inner\"><div class=\"kc-elm kc-css-726409 kc_col-sm-6 kc_column_inner kc_col-sm-6\"><div class=\"kc_wrapper kc-col-inner-container\"><div class=\"kc-elm kc-css-80638 kc_text_block\"><div>\u00a0<\/div><\/div><\/div><\/div><div class=\"kc-elm kc-css-968942 kc_col-sm-6 kc_column_inner kc_col-sm-6\"><div class=\"kc_wrapper kc-col-inner-container\"><div class=\"kc-elm kc-css-351981 kc_google_maps kc_shortcode\"><div class=\"kc-google-maps\" style=\"height: 350px;\"><iframe style=\"border: 0;\" src=\"https:\/\/www.google.com\/maps\/embed?pb=!1m18!1m12!1m3!1d921.3241916787058!2d-99.07403926041508!3d19.361298482446035!2m3!1f0!2f0!3f0!3m2!1i1024!2i768!4f13.1!3m3!1m2!1s0x85d1fd969bf590c9%3A0xba1506aeeed527a1!2zMTnCsDIxJzQyLjMiTiA5OcKwMDQnMjQuMCJX!5e0!3m2!1ses!2smx!4v1669947206363!5m2!1ses!2smx\" width=\"100%\" height=\"350\" allowfullscreen=\"allowfullscreen\"><\/iframe><\/div><\/div><div class=\"kc-elm kc-css-141715 kc_text_block\"><p>\u00a0<\/p><\/div><\/div><\/div><\/div><\/div><\/div><\/div><\/div><\/section>\t\t\t\t\t\t\t\t<\/div>\n\t\t\t\t<\/div>\n\t\t\t\t<\/div>\n\t\t\t\t\t<\/div>\n\t\t\t\t<\/div>\n\t\t\t\t<\/div>\n\t\t","protected":false},"excerpt":{"rendered":"<p>BIENVENIDOS Secretar\u00eda Acad\u00e9mica DCSH Presentaci\u00f3n El equipo de la Secretar\u00eda Acad\u00e9mica de CSH estamos para apoyarte en temas referentes a tu estancia en UAMI, atendemos al alumnado, personal acad\u00e9mico y administrativo, podemos orientarte y canalizarte seg\u00fan sea necesario, y las instancias administrativas que dependen de ella: Oficina de Asistencia Administrativa de la Secretar\u00eda Acad\u00e9mica DCSH [&hellip;]<\/p>\n","protected":false},"author":1,"featured_media":0,"parent":0,"menu_order":0,"comment_status":"closed","ping_status":"closed","template":"","meta":{"footnotes":""},"class_list":["post-8","page","type-page","status-publish","hentry"],"blocksy_meta":[],"_links":{"self":[{"href":"https:\/\/divcsh.izt.uam.mx\/sec_academica\/index.php\/wp-json\/wp\/v2\/pages\/8","targetHints":{"allow":["GET"]}}],"collection":[{"href":"https:\/\/divcsh.izt.uam.mx\/sec_academica\/index.php\/wp-json\/wp\/v2\/pages"}],"about":[{"href":"https:\/\/divcsh.izt.uam.mx\/sec_academica\/index.php\/wp-json\/wp\/v2\/types\/page"}],"author":[{"embeddable":true,"href":"https:\/\/divcsh.izt.uam.mx\/sec_academica\/index.php\/wp-json\/wp\/v2\/users\/1"}],"replies":[{"embeddable":true,"href":"https:\/\/divcsh.izt.uam.mx\/sec_academica\/index.php\/wp-json\/wp\/v2\/comments?post=8"}],"version-history":[{"count":21,"href":"https:\/\/divcsh.izt.uam.mx\/sec_academica\/index.php\/wp-json\/wp\/v2\/pages\/8\/revisions"}],"predecessor-version":[{"id":3493,"href":"https:\/\/divcsh.izt.uam.mx\/sec_academica\/index.php\/wp-json\/wp\/v2\/pages\/8\/revisions\/3493"}],"wp:attachment":[{"href":"https:\/\/divcsh.izt.uam.mx\/sec_academica\/index.php\/wp-json\/wp\/v2\/media?parent=8"}],"curies":[{"name":"wp","href":"https:\/\/api.w.org\/{rel}","templated":true}]}}